{"id":7,"date":"2020-09-16T11:48:50","date_gmt":"2020-09-16T09:48:50","guid":{"rendered":"http:\/\/mon.uvic.cat\/nitrecerca\/?page_id=7"},"modified":"2025-09-10T12:55:03","modified_gmt":"2025-09-10T10:55:03","slug":"portada","status":"publish","type":"page","link":"https:\/\/mon.uvic.cat\/nitrecerca\/","title":{"rendered":"Portada"},"content":{"rendered":"<p><div class=\"fusion-fullwidth fullwidth-box fusion-builder-row-1 fusion-flex-container nonhundred-percent-fullwidth non-hundred-percent-height-scrolling\" style=\"--awb-border-radius-top-left:0px;--awb-border-radius-top-right:0px;--awb-border-radius-bottom-right:0px;--awb-border-radius-bottom-left:0px;--awb-flex-wrap:wrap;\" ><div class=\"fusion-builder-row fusion-row fusion-flex-align-items-flex-start fusion-flex-content-wrap\" style=\"max-width:1248px;margin-left: calc(-4% \/ 2 );margin-right: calc(-4% \/ 2 );\"><div class=\"fusion-layout-column fusion_builder_column fusion-builder-column-0 fusion_builder_column_1_1 1_1 fusion-flex-column\" style=\"--awb-bg-blend:overlay;--awb-bg-size:cover;--awb-width-large:100%;--awb-margin-top-large:0px;--awb-spacing-right-large:1.92%;--awb-margin-bottom-large:0px;--awb-spacing-left-large:1.92%;--awb-width-medium:100%;--awb-spacing-right-medium:1.92%;--awb-spacing-left-medium:1.92%;--awb-width-small:100%;--awb-spacing-right-small:1.92%;--awb-spacing-left-small:1.92%;\"><div class=\"fusion-column-wrapper fusion-flex-justify-content-flex-start fusion-content-layout-column\"><div class=\"fusion-image-element \" style=\"text-align:center;--awb-margin-top:-40px;--awb-margin-bottom:40px;--awb-caption-title-font-family:var(--h2_typography-font-family);--awb-caption-title-font-weight:var(--h2_typography-font-weight);--awb-caption-title-font-style:var(--h2_typography-font-style);--awb-caption-title-size:var(--h2_typography-font-size);--awb-caption-title-transform:var(--h2_typography-text-transform);--awb-caption-title-line-height:var(--h2_typography-line-height);--awb-caption-title-letter-spacing:var(--h2_typography-letter-spacing);\"><span class=\" fusion-imageframe imageframe-none imageframe-1 hover-type-none\"><img decoding=\"async\" width=\"1843\" height=\"480\" title=\"banner-web (1)\" src=\"http:\/\/mon.uvic.cat\/nitrecerca\/files\/2025\/09\/banner-web-1.jpg\" alt class=\"img-responsive wp-image-3326\"\/><\/span><\/div><div class=\"fusion-text fusion-text-1\" style=\"--awb-text-font-family:&quot;Inter&quot;;--awb-text-font-style:normal;--awb-text-font-weight:400;\"><p style=\"text-align: center\">La Nit Europea de la Recerca \u00e9s un esdeveniment p\u00fablic dedicat a la divulgaci\u00f3 de la ci\u00e8ncia. El seu objectiu \u00e9s apropar la recerca, la innovaci\u00f3 i els seus protagonistes al p\u00fablic de totes les edats de manera planera i divertida.<\/p>\n<p style=\"text-align: center\">Aquest esdeveniment es celebra anualment i de manera simult\u00e0nia a m\u00e9s de 25 pa\u00efsos europeus. En el territori catal\u00e0, la \u00faltima setmana de setembre tindran lloc m\u00e9s de 250 activitats que inclouran xerrades, tallers, experiments, espectacles i jocs, aix\u00ed com activitats a instituts i escoles. Pots consultar tota la programaci\u00f3 <a href=\"https:\/\/lanitdelarecerca.cat\/\">AQU\u00cd<\/a>. A m\u00e9s, tamb\u00e9 s\u2019oferir\u00e0 una programaci\u00f3 online al <a href=\"https:\/\/www.youtube.com\/channel\/UCeyJlvim_W9aNSWhFYGU78A\">canal de Youtube de la Nit de la Recerca<\/a>, on el p\u00fablic podr\u00e0 trobar un gran nombre de microxerrades sobre tem\u00e0tiques d\u2019all\u00f2 m\u00e9s diverses.<\/p>\n<p style=\"text-align: center\">La Universitat de Vic &#8211; Universitat Central de Catalunya coordina, a trav\u00e9s del <a href=\"https:\/\/mon.uvic.cat\/cerm\/\">Centre d&#8217;Estudis dels Rius Mediterranis (CERM)<\/a> i amb el suport de la <a href=\"https:\/\/mon.uvic.cat\/udivulga\/\">Unitat de Divulgaci\u00f3 Cient\u00edfica<\/a>, les activitats a les comarques de la Catalunya Central, que es duran a terme en les localitats de Vic, Manlleu, Manresa i Berga.<\/p>\n<p style=\"text-align: center\">Consulteu la <a href=\"https:\/\/mon.uvic.cat\/nitrecerca\/programacio\/\">programaci\u00f3<\/a> per estar al dia de les activitats que organitzarem!<\/p>\n<\/div><div class=\"fusion-text fusion-text-2\"><p><img decoding=\"async\" class=\"aligncenter size-full wp-image-3471\" src=\"http:\/\/mon.uvic.cat\/nitrecerca\/files\/2025\/09\/nitrecerca25_anunci-9Nou-1.png\" alt=\"\" width=\"1747\" height=\"1513\" \/><\/p>\n<\/div><div class=\"fusion-text fusion-text-3\"><p><a href=\"https:\/\/www.youtube.com\/watch?v=vsNI-O9wlxY\" target=\"_blank\" rel=\"noopener\"><img decoding=\"async\" class=\"alignnone wp-image-3034 size-full\" src=\"http:\/\/mon.uvic.cat\/nitrecerca\/files\/2024\/09\/Captura-de-pantalla-2024-09-06-a-les-13.22.16.png\" alt=\"\" width=\"1960\" height=\"1184\" \/><\/a><\/p>\n<\/div><\/div><\/div><\/div><\/div><div class=\"fusion-fullwidth fullwidth-box fusion-builder-row-2 fusion-flex-container has-pattern-background has-mask-background nonhundred-percent-fullwidth non-hundred-percent-height-scrolling\" style=\"--awb-border-radius-top-left:0px;--awb-border-radius-top-right:0px;--awb-border-radius-bottom-right:0px;--awb-border-radius-bottom-left:0px;--awb-margin-top:13px;--awb-flex-wrap:wrap;\" ><div class=\"fusion-builder-row fusion-row fusion-flex-align-items-flex-start fusion-flex-content-wrap\" style=\"max-width:1248px;margin-left: calc(-4% \/ 2 );margin-right: calc(-4% \/ 2 );\"><div class=\"fusion-layout-column fusion_builder_column fusion-builder-column-1 fusion_builder_column_1_1 1_1 fusion-flex-column\" style=\"--awb-bg-size:cover;--awb-width-large:100%;--awb-margin-top-large:0px;--awb-spacing-right-large:1.92%;--awb-margin-bottom-large:20px;--awb-spacing-left-large:1.92%;--awb-width-medium:100%;--awb-order-medium:0;--awb-spacing-right-medium:1.92%;--awb-spacing-left-medium:1.92%;--awb-width-small:100%;--awb-order-small:0;--awb-spacing-right-small:1.92%;--awb-spacing-left-small:1.92%;\"><div class=\"fusion-column-wrapper fusion-column-has-shadow fusion-flex-justify-content-flex-start fusion-content-layout-column\"><div class=\"fusion-text fusion-text-4\" style=\"--awb-content-alignment:center;--awb-text-font-family:&quot;Inter&quot;;--awb-text-font-style:normal;--awb-text-font-weight:400;\"><h2>\u00daltimes not\u00edcies<\/h2>\n<\/div><div class=\"fusion-recent-posts fusion-recent-posts-1 avada-container layout-default layout-columns-3\" style=\"--h4_typography-font-family:&quot;Inter&quot;;--h4_typography-font-weight:400;--h4_typography-font-style:normal;\"><section class=\"fusion-columns columns fusion-columns-3 columns-3\"><article class=\"post fusion-column column col col-lg-4 col-md-4 col-sm-4\"><div class=\"fusion-flexslider fusion-flexslider-loading flexslider flexslider-hover-type-none\"><ul class=\"slides\"><li><a href=\"https:\/\/mon.uvic.cat\/nitrecerca\/2026\/03\/09\/la-uvic-ucc-participa-en-una-trobada-europea-de-cocreacio-per-impulsar-la-innovacio-en-latencio-sociosanitaria\/\" aria-label=\"La UVic-UCC participa en una trobada europea de cocreaci\u00f3 per impulsar la innovaci\u00f3 en l\u2019atenci\u00f3 sociosanit\u00e0ria\" class=\"hover-type-none\"><img decoding=\"async\" width=\"700\" height=\"441\" src=\"https:\/\/mon.uvic.cat\/nitrecerca\/files\/2026\/03\/Foto-de-grup-OK_0-700x441.jpg\" class=\"attachment-recent-posts size-recent-posts\" alt=\"\" srcset=\"https:\/\/mon.uvic.cat\/nitrecerca\/files\/2026\/03\/Foto-de-grup-OK_0-320x202.jpg 320w, https:\/\/mon.uvic.cat\/nitrecerca\/files\/2026\/03\/Foto-de-grup-OK_0-700x441.jpg 700w\" sizes=\"(max-width: 700px) 100vw, 700px\" \/><\/a><\/li><\/ul><\/div><div class=\"recent-posts-content\"><span class=\"vcard\" style=\"display: none;\"><span class=\"fn\"><a href=\"https:\/\/mon.uvic.cat\/nitrecerca\/author\/udivulga\/\" title=\"Entrades de udivulga\" rel=\"author\">udivulga<\/a><\/span><\/span><span class=\"updated\" style=\"display:none;\">2026-03-09T16:53:49+02:00<\/span><h4 class=\"entry-title\"><a href=\"https:\/\/mon.uvic.cat\/nitrecerca\/2026\/03\/09\/la-uvic-ucc-participa-en-una-trobada-europea-de-cocreacio-per-impulsar-la-innovacio-en-latencio-sociosanitaria\/\">La UVic-UCC participa en una trobada europea de cocreaci\u00f3 per impulsar la innovaci\u00f3 en l\u2019atenci\u00f3 sociosanit\u00e0ria<\/a><\/h4><p class=\"meta\"><span class=\"vcard\" style=\"display: none;\"><span class=\"fn\"><a href=\"https:\/\/mon.uvic.cat\/nitrecerca\/author\/udivulga\/\" title=\"Entrades de udivulga\" rel=\"author\">udivulga<\/a><\/span><\/span><span class=\"updated\" style=\"display:none;\">2026-03-09T16:53:49+02:00<\/span><span>09\/03\/2026<\/span><span class=\"fusion-inline-sep\">|<\/span><span class=\"fusion-comments\"><a href=\"https:\/\/mon.uvic.cat\/nitrecerca\/2026\/03\/09\/la-uvic-ucc-participa-en-una-trobada-europea-de-cocreacio-per-impulsar-la-innovacio-en-latencio-sociosanitaria\/#respond\">0 Comments<\/a><\/span><\/p><p>La Facultat d\u2019Engineering Technology de la KU Leuven (B\u00e8lgica)\u00a0va acollir la setmana passada una trobada internacional de tres dies que va reunir professionals sanitaris, investigadors i estudiants europeus per desenvolupar recursos educatius sobre innovaci\u00f3 i emprenedoria aplicats a l\u2019atenci\u00f3 de llarga durada. L\u2019activitat s\u2019emmarcava en el\u00a0projecte europeu ProCon, finan\u00e7at pel programa\u00a0Erasmus+\u00a0i coordinat per\u00a0la UVic-UCC, que busca refor\u00e7ar la innovaci\u00f3 en l\u2019\u00e0mbit sanitari, especialment en la cura de la contin\u00e8ncia i en noves formes d\u2019organitzaci\u00f3 del treball en resid\u00e8ncies geri\u00e0triques.\u00a0<\/p><\/div><\/article><article class=\"post fusion-column column col col-lg-4 col-md-4 col-sm-4\"><div class=\"fusion-flexslider fusion-flexslider-loading flexslider flexslider-hover-type-none\"><ul class=\"slides\"><li><a href=\"https:\/\/mon.uvic.cat\/nitrecerca\/2026\/03\/02\/ada-domingo-la-diplomacia-cientifica-i-la-cooperacio-son-clau-per-a-la-reconstruccio-dun-pais-en-un-context-de-guerra\/\" aria-label=\"Ada Domingo: \u201cLa diplom\u00e0cia cient\u00edfica i la cooperaci\u00f3 s\u00f3n clau per a la reconstrucci\u00f3 d\u2019un pa\u00eds en un context de guerra\u201d\" class=\"hover-type-none\"><img decoding=\"async\" width=\"700\" height=\"441\" src=\"https:\/\/mon.uvic.cat\/nitrecerca\/files\/2026\/03\/Ada-700x441.jpg\" class=\"attachment-recent-posts size-recent-posts\" alt=\"\" srcset=\"https:\/\/mon.uvic.cat\/nitrecerca\/files\/2026\/03\/Ada-320x202.jpg 320w, https:\/\/mon.uvic.cat\/nitrecerca\/files\/2026\/03\/Ada-700x441.jpg 700w\" sizes=\"(max-width: 700px) 100vw, 700px\" \/><\/a><\/li><\/ul><\/div><div class=\"recent-posts-content\"><span class=\"vcard\" style=\"display: none;\"><span class=\"fn\"><a href=\"https:\/\/mon.uvic.cat\/nitrecerca\/author\/soniagarrido\/\" title=\"Entrades de soniagarrido\" rel=\"author\">soniagarrido<\/a><\/span><\/span><span class=\"updated\" style=\"display:none;\">2026-03-02T12:22:48+02:00<\/span><h4 class=\"entry-title\"><a href=\"https:\/\/mon.uvic.cat\/nitrecerca\/2026\/03\/02\/ada-domingo-la-diplomacia-cientifica-i-la-cooperacio-son-clau-per-a-la-reconstruccio-dun-pais-en-un-context-de-guerra\/\">Ada Domingo: \u201cLa diplom\u00e0cia cient\u00edfica i la cooperaci\u00f3 s\u00f3n clau per a la reconstrucci\u00f3 d\u2019un pa\u00eds en un context de guerra\u201d<\/a><\/h4><p class=\"meta\"><span class=\"vcard\" style=\"display: none;\"><span class=\"fn\"><a href=\"https:\/\/mon.uvic.cat\/nitrecerca\/author\/soniagarrido\/\" title=\"Entrades de soniagarrido\" rel=\"author\">soniagarrido<\/a><\/span><\/span><span class=\"updated\" style=\"display:none;\">2026-03-02T12:22:48+02:00<\/span><span>02\/03\/2026<\/span><span class=\"fusion-inline-sep\">|<\/span><span class=\"fusion-comments\"><a href=\"https:\/\/mon.uvic.cat\/nitrecerca\/2026\/03\/02\/ada-domingo-la-diplomacia-cientifica-i-la-cooperacio-son-clau-per-a-la-reconstruccio-dun-pais-en-un-context-de-guerra\/#respond\">0 Comments<\/a><\/span><\/p><p>L\u2019Ada Domingo Ferrer \u00e9s llicenciada en Relacions Internacionals i Pol\u00edtica Exterior, i t\u00e9 un m\u00e0ster en Geopol\u00edtica, Territori i Seguretat. La seva especialitat principal \u00e9s l\u2019an\u00e0lisi dels factors geopol\u00edtics com a font de conflictes a [...]<\/p><\/div><\/article><article class=\"post fusion-column column col col-lg-4 col-md-4 col-sm-4\"><div class=\"fusion-flexslider fusion-flexslider-loading flexslider flexslider-hover-type-none\"><ul class=\"slides\"><li><a href=\"https:\/\/mon.uvic.cat\/nitrecerca\/2026\/03\/02\/gerard-coll-planas-i-cristina-zafra-presenten-aquest-llibre-no-te-lacabaras-mai\/\" aria-label=\"Gerard Coll-Planas i Cristina Zafra presenten &#8216;Aquest llibre no te l\u2019acabar\u00e0s mai&#8217;\" class=\"hover-type-none\"><img decoding=\"async\" width=\"700\" height=\"441\" src=\"https:\/\/mon.uvic.cat\/nitrecerca\/files\/2026\/03\/DSC00888-700x441.png\" class=\"attachment-recent-posts size-recent-posts\" alt=\"\" srcset=\"https:\/\/mon.uvic.cat\/nitrecerca\/files\/2026\/03\/DSC00888-320x202.png 320w, https:\/\/mon.uvic.cat\/nitrecerca\/files\/2026\/03\/DSC00888-700x441.png 700w\" sizes=\"(max-width: 700px) 100vw, 700px\" \/><\/a><\/li><\/ul><\/div><div class=\"recent-posts-content\"><span class=\"vcard\" style=\"display: none;\"><span class=\"fn\"><a href=\"https:\/\/mon.uvic.cat\/nitrecerca\/author\/soniagarrido\/\" title=\"Entrades de soniagarrido\" rel=\"author\">soniagarrido<\/a><\/span><\/span><span class=\"updated\" style=\"display:none;\">2026-03-02T12:15:46+02:00<\/span><h4 class=\"entry-title\"><a href=\"https:\/\/mon.uvic.cat\/nitrecerca\/2026\/03\/02\/gerard-coll-planas-i-cristina-zafra-presenten-aquest-llibre-no-te-lacabaras-mai\/\">Gerard Coll-Planas i Cristina Zafra presenten &#8216;Aquest llibre no te l\u2019acabar\u00e0s mai&#8217;<\/a><\/h4><p class=\"meta\"><span class=\"vcard\" style=\"display: none;\"><span class=\"fn\"><a href=\"https:\/\/mon.uvic.cat\/nitrecerca\/author\/soniagarrido\/\" title=\"Entrades de soniagarrido\" rel=\"author\">soniagarrido<\/a><\/span><\/span><span class=\"updated\" style=\"display:none;\">2026-03-02T12:15:46+02:00<\/span><span>02\/03\/2026<\/span><span class=\"fusion-inline-sep\">|<\/span><span class=\"fusion-comments\"><a href=\"https:\/\/mon.uvic.cat\/nitrecerca\/2026\/03\/02\/gerard-coll-planas-i-cristina-zafra-presenten-aquest-llibre-no-te-lacabaras-mai\/#respond\">0 Comments<\/a><\/span><\/p><p>La llibreria Ona de Barcelona va acollir, el dissabte 21 de febrer, la presentaci\u00f3 de l\u2019obra\u00a0Aquest llibre no te l\u2019acabar\u00e0s mai, escrita per\u00a0Gerard Coll-Planas, investigador del\u00a0grup de recerca GETLHIC\u00a0de la UVic-UCC, i il\u00b7lustrada per\u00a0Cristina Zafra. [...]<\/p><\/div><\/article><article class=\"post fusion-column column col col-lg-4 col-md-4 col-sm-4\"><div class=\"fusion-flexslider fusion-flexslider-loading flexslider flexslider-hover-type-none\"><ul class=\"slides\"><li><a href=\"https:\/\/mon.uvic.cat\/nitrecerca\/2026\/02\/02\/la-uvic-ucc-participa-a-brusselles-en-una-winter-school-sobre-formacio-en-el-marc-del-projecte-intec-de-professionals-de-la-primera-infancia\/\" aria-label=\"La UVic-UCC participa a Brussel\u00b7les en una Winter School sobre formaci\u00f3 en el marc del projecte INTEC de professionals de la primera inf\u00e0ncia\" class=\"hover-type-none\"><img decoding=\"async\" width=\"700\" height=\"441\" src=\"https:\/\/mon.uvic.cat\/nitrecerca\/files\/2026\/02\/Davoli1-700x441.jpg\" class=\"attachment-recent-posts size-recent-posts\" alt=\"\" srcset=\"https:\/\/mon.uvic.cat\/nitrecerca\/files\/2026\/02\/Davoli1-320x202.jpg 320w, https:\/\/mon.uvic.cat\/nitrecerca\/files\/2026\/02\/Davoli1-700x441.jpg 700w\" sizes=\"(max-width: 700px) 100vw, 700px\" \/><\/a><\/li><\/ul><\/div><div class=\"recent-posts-content\"><span class=\"vcard\" style=\"display: none;\"><span class=\"fn\"><a href=\"https:\/\/mon.uvic.cat\/nitrecerca\/author\/soniagarrido\/\" title=\"Entrades de soniagarrido\" rel=\"author\">soniagarrido<\/a><\/span><\/span><span class=\"updated\" style=\"display:none;\">2026-02-02T15:21:24+02:00<\/span><h4 class=\"entry-title\"><a href=\"https:\/\/mon.uvic.cat\/nitrecerca\/2026\/02\/02\/la-uvic-ucc-participa-a-brusselles-en-una-winter-school-sobre-formacio-en-el-marc-del-projecte-intec-de-professionals-de-la-primera-infancia\/\">La UVic-UCC participa a Brussel\u00b7les en una Winter School sobre formaci\u00f3 en el marc del projecte INTEC de professionals de la primera inf\u00e0ncia<\/a><\/h4><p class=\"meta\"><span class=\"vcard\" style=\"display: none;\"><span class=\"fn\"><a href=\"https:\/\/mon.uvic.cat\/nitrecerca\/author\/soniagarrido\/\" title=\"Entrades de soniagarrido\" rel=\"author\">soniagarrido<\/a><\/span><\/span><span class=\"updated\" style=\"display:none;\">2026-02-02T15:21:24+02:00<\/span><span>02\/02\/2026<\/span><span class=\"fusion-inline-sep\">|<\/span><span class=\"fusion-comments\"><a href=\"https:\/\/mon.uvic.cat\/nitrecerca\/2026\/02\/02\/la-uvic-ucc-participa-a-brusselles-en-una-winter-school-sobre-formacio-en-el-marc-del-projecte-intec-de-professionals-de-la-primera-infancia\/#respond\">0 Comments<\/a><\/span><\/p><p>Les investigadores de la UVic-UCC han participat a Brussel\u00b7les del 19 al 22 de gener a la Winter School del\u00a0projecte europeu INTEC\u00a0(Developing an Innovative In-Service Training Model for ECEC Staff), una iniciativa centrada en la [...]<\/p><\/div><\/article><article class=\"post fusion-column column col col-lg-4 col-md-4 col-sm-4\"><div class=\"fusion-flexslider fusion-flexslider-loading flexslider flexslider-hover-type-none\"><ul class=\"slides\"><li><a href=\"https:\/\/mon.uvic.cat\/nitrecerca\/2026\/01\/28\/la-uvic-ucc-participa-en-el-projecte-erasmus-sport-safe-playground-per-promoure-entorns-esportius-mes-segurs-i-inclusius\/\" aria-label=\"La UVic-UCC participa en el projecte Erasmus+ Sport &#8220;Safe Playground&#8221; per promoure entorns esportius m\u00e9s segurs i inclusius\" class=\"hover-type-none\"><img decoding=\"async\" width=\"700\" height=\"441\" src=\"https:\/\/mon.uvic.cat\/nitrecerca\/files\/2026\/01\/IMG_0720-700x441.jpg\" class=\"attachment-recent-posts size-recent-posts\" alt=\"\" srcset=\"https:\/\/mon.uvic.cat\/nitrecerca\/files\/2026\/01\/IMG_0720-320x202.jpg 320w, https:\/\/mon.uvic.cat\/nitrecerca\/files\/2026\/01\/IMG_0720-700x441.jpg 700w\" sizes=\"(max-width: 700px) 100vw, 700px\" \/><\/a><\/li><\/ul><\/div><div class=\"recent-posts-content\"><span class=\"vcard\" style=\"display: none;\"><span class=\"fn\"><a href=\"https:\/\/mon.uvic.cat\/nitrecerca\/author\/soniagarrido\/\" title=\"Entrades de soniagarrido\" rel=\"author\">soniagarrido<\/a><\/span><\/span><span class=\"updated\" style=\"display:none;\">2026-01-28T12:19:42+02:00<\/span><h4 class=\"entry-title\"><a href=\"https:\/\/mon.uvic.cat\/nitrecerca\/2026\/01\/28\/la-uvic-ucc-participa-en-el-projecte-erasmus-sport-safe-playground-per-promoure-entorns-esportius-mes-segurs-i-inclusius\/\">La UVic-UCC participa en el projecte Erasmus+ Sport &#8220;Safe Playground&#8221; per promoure entorns esportius m\u00e9s segurs i inclusius<\/a><\/h4><p class=\"meta\"><span class=\"vcard\" style=\"display: none;\"><span class=\"fn\"><a href=\"https:\/\/mon.uvic.cat\/nitrecerca\/author\/soniagarrido\/\" title=\"Entrades de soniagarrido\" rel=\"author\">soniagarrido<\/a><\/span><\/span><span class=\"updated\" style=\"display:none;\">2026-01-28T12:19:42+02:00<\/span><span>28\/01\/2026<\/span><span class=\"fusion-inline-sep\">|<\/span><span class=\"fusion-comments\"><a href=\"https:\/\/mon.uvic.cat\/nitrecerca\/2026\/01\/28\/la-uvic-ucc-participa-en-el-projecte-erasmus-sport-safe-playground-per-promoure-entorns-esportius-mes-segurs-i-inclusius\/#respond\">0 Comments<\/a><\/span><\/p><p>Un equip d\u2019investigadors de la UVic-UCC participa en el\u00a0projecte europeu\u00a0\"Safe Playground\", que t\u00e9 per objectiu crear\u00a0entorns esportius m\u00e9s segurs i inclusius, en qu\u00e8 esportistes de totes les edats puguin desenvolupar-se plenament, tant des del punt [...]<\/p><\/div><\/article><article class=\"post fusion-column column col col-lg-4 col-md-4 col-sm-4\"><div class=\"fusion-flexslider fusion-flexslider-loading flexslider flexslider-hover-type-none\"><ul class=\"slides\"><li><a href=\"https:\/\/mon.uvic.cat\/nitrecerca\/2026\/01\/28\/ricard-carreras-del-ct-beta-entra-a-formar-part-del-grup-dexperts-en-produccio-ecologica-de-la-comissio-europea\/\" aria-label=\"Ricard Carreras, del CT BETA, entra a formar part del Grup d\u2019Experts en Producci\u00f3 Ecol\u00f2gica de la Comissi\u00f3 Europea\" class=\"hover-type-none\"><img decoding=\"async\" width=\"700\" height=\"441\" src=\"https:\/\/mon.uvic.cat\/nitrecerca\/files\/2026\/01\/ricard-carreras-700x441.jpg\" class=\"attachment-recent-posts size-recent-posts\" alt=\"\" srcset=\"https:\/\/mon.uvic.cat\/nitrecerca\/files\/2026\/01\/ricard-carreras-320x202.jpg 320w, https:\/\/mon.uvic.cat\/nitrecerca\/files\/2026\/01\/ricard-carreras-700x441.jpg 700w\" sizes=\"(max-width: 700px) 100vw, 700px\" \/><\/a><\/li><\/ul><\/div><div class=\"recent-posts-content\"><span class=\"vcard\" style=\"display: none;\"><span class=\"fn\"><a href=\"https:\/\/mon.uvic.cat\/nitrecerca\/author\/soniagarrido\/\" title=\"Entrades de soniagarrido\" rel=\"author\">soniagarrido<\/a><\/span><\/span><span class=\"updated\" style=\"display:none;\">2026-01-28T11:29:28+02:00<\/span><h4 class=\"entry-title\"><a href=\"https:\/\/mon.uvic.cat\/nitrecerca\/2026\/01\/28\/ricard-carreras-del-ct-beta-entra-a-formar-part-del-grup-dexperts-en-produccio-ecologica-de-la-comissio-europea\/\">Ricard Carreras, del CT BETA, entra a formar part del Grup d\u2019Experts en Producci\u00f3 Ecol\u00f2gica de la Comissi\u00f3 Europea<\/a><\/h4><p class=\"meta\"><span class=\"vcard\" style=\"display: none;\"><span class=\"fn\"><a href=\"https:\/\/mon.uvic.cat\/nitrecerca\/author\/soniagarrido\/\" title=\"Entrades de soniagarrido\" rel=\"author\">soniagarrido<\/a><\/span><\/span><span class=\"updated\" style=\"display:none;\">2026-01-28T11:29:28+02:00<\/span><span>28\/01\/2026<\/span><span class=\"fusion-inline-sep\">|<\/span><span class=\"fusion-comments\"><a href=\"https:\/\/mon.uvic.cat\/nitrecerca\/2026\/01\/28\/ricard-carreras-del-ct-beta-entra-a-formar-part-del-grup-dexperts-en-produccio-ecologica-de-la-comissio-europea\/#respond\">0 Comments<\/a><\/span><\/p><p>Ricard Carreras, responsable de l\u2019equip de Transfer\u00e8ncia i Projectes Territorials i Sectorials del\u00a0Centre Tecnol\u00f2gic BETA\u00a0de la UVic-UCC, ha estat nomenat recentment membre del\u00a0Grup d\u2019Experts en Producci\u00f3 Ecol\u00f2gica de la Comissi\u00f3 Europea (EGTOP)\u00a0per als pr\u00f2xims quatre [...]<\/p><\/div><\/article><\/section><\/div><\/div><\/div><\/div><\/div><\/p>\n","protected":false},"excerpt":{"rendered":"","protected":false},"author":1,"featured_media":0,"parent":0,"menu_order":0,"comment_status":"closed","ping_status":"closed","template":"","meta":{"footnotes":""},"class_list":["post-7","page","type-page","status-publish","hentry"],"jetpack_sharing_enabled":true,"_links":{"self":[{"href":"https:\/\/mon.uvic.cat\/nitrecerca\/wp-json\/wp\/v2\/pages\/7","targetHints":{"allow":["GET"]}}],"collection":[{"href":"https:\/\/mon.uvic.cat\/nitrecerca\/wp-json\/wp\/v2\/pages"}],"about":[{"href":"https:\/\/mon.uvic.cat\/nitrecerca\/wp-json\/wp\/v2\/types\/page"}],"author":[{"embeddable":true,"href":"https:\/\/mon.uvic.cat\/nitrecerca\/wp-json\/wp\/v2\/users\/1"}],"replies":[{"embeddable":true,"href":"https:\/\/mon.uvic.cat\/nitrecerca\/wp-json\/wp\/v2\/comments?post=7"}],"version-history":[{"count":94,"href":"https:\/\/mon.uvic.cat\/nitrecerca\/wp-json\/wp\/v2\/pages\/7\/revisions"}],"predecessor-version":[{"id":3473,"href":"https:\/\/mon.uvic.cat\/nitrecerca\/wp-json\/wp\/v2\/pages\/7\/revisions\/3473"}],"wp:attachment":[{"href":"https:\/\/mon.uvic.cat\/nitrecerca\/wp-json\/wp\/v2\/media?parent=7"}],"curies":[{"name":"wp","href":"https:\/\/api.w.org\/{rel}","templated":true}]}}