{"id":3646,"date":"2025-10-09T10:52:19","date_gmt":"2025-10-09T08:52:19","guid":{"rendered":"https:\/\/mon.uvic.cat\/nitrecerca\/?page_id=3646"},"modified":"2025-10-09T16:30:26","modified_gmt":"2025-10-09T14:30:26","slug":"transformed","status":"publish","type":"page","link":"https:\/\/mon.uvic.cat\/nitrecerca\/transformed\/","title":{"rendered":"TRANSFORMED"},"content":{"rendered":"<h2>Que \u00e9s TransforMed?<\/h2>\n<p>A partir de l&#8217;experi\u00e8ncia de diversos fars agroforestals al Marroc, Tun\u00edsia i T\u00fcrkiye, <strong>TransforMed t\u00e9 com a objectiu donar suport i promoure una adopci\u00f3 a gran escala de sistemes agroforestals reeixits (AFS)<\/strong> en zones salines i degradades per restaurar la salut del s\u00f2l, augmentar la biodiversitat i la productivitat dels agroecosistemes mitjan\u00e7ant la superaci\u00f3 de les barreres socioecon\u00f2miques i socioculturals.<\/p>\n<p>El consorci TransforMed \u00e9s altament interdisciplinari, format per socis de set pa\u00efsos diferents: Espanya, Fran\u00e7a, Turquia, Marroc, Tun\u00edsia, Portugal i Alemanya. Aquesta col\u00b7laboraci\u00f3 diversa adopta un enfocament multiactor per dissenyar i implementar solucions efectives per a cada context objectiu. El projecte est\u00e0 finan\u00e7at en el marc del programa PRIMA com a part de l&#8217;\u00e0rea tem\u00e0tica del Sistema d&#8217;Agricultura. El Beta Tech Center \u2013 UVIC, amb seu a Espanya, \u00e9s la coordinaci\u00f3 de les activitats del projecte.<\/p>\n<p>&nbsp;<\/p>\n<p><a href=\"https:\/\/www.transformed-prima.eu\/about\">Web del projecte\u00a0<\/a><\/p>\n","protected":false},"excerpt":{"rendered":"<p>Que \u00e9s TransforMed? A partir de l&#8217;experi\u00e8ncia de diversos fars  [&#8230;]<\/p>\n","protected":false},"author":694,"featured_media":3647,"parent":0,"menu_order":0,"comment_status":"closed","ping_status":"closed","template":"100-width.php","meta":{"footnotes":""},"class_list":["post-3646","page","type-page","status-publish","has-post-thumbnail","hentry"],"jetpack_sharing_enabled":true,"_links":{"self":[{"href":"https:\/\/mon.uvic.cat\/nitrecerca\/wp-json\/wp\/v2\/pages\/3646","targetHints":{"allow":["GET"]}}],"collection":[{"href":"https:\/\/mon.uvic.cat\/nitrecerca\/wp-json\/wp\/v2\/pages"}],"about":[{"href":"https:\/\/mon.uvic.cat\/nitrecerca\/wp-json\/wp\/v2\/types\/page"}],"author":[{"embeddable":true,"href":"https:\/\/mon.uvic.cat\/nitrecerca\/wp-json\/wp\/v2\/users\/694"}],"replies":[{"embeddable":true,"href":"https:\/\/mon.uvic.cat\/nitrecerca\/wp-json\/wp\/v2\/comments?post=3646"}],"version-history":[{"count":3,"href":"https:\/\/mon.uvic.cat\/nitrecerca\/wp-json\/wp\/v2\/pages\/3646\/revisions"}],"predecessor-version":[{"id":3695,"href":"https:\/\/mon.uvic.cat\/nitrecerca\/wp-json\/wp\/v2\/pages\/3646\/revisions\/3695"}],"wp:featuredmedia":[{"embeddable":true,"href":"https:\/\/mon.uvic.cat\/nitrecerca\/wp-json\/wp\/v2\/media\/3647"}],"wp:attachment":[{"href":"https:\/\/mon.uvic.cat\/nitrecerca\/wp-json\/wp\/v2\/media?parent=3646"}],"curies":[{"name":"wp","href":"https:\/\/api.w.org\/{rel}","templated":true}]}}