{"id":3634,"date":"2025-10-08T17:27:56","date_gmt":"2025-10-08T15:27:56","guid":{"rendered":"https:\/\/mon.uvic.cat\/nitrecerca\/?page_id=3634"},"modified":"2025-10-09T16:26:39","modified_gmt":"2025-10-09T14:26:39","slug":"nenuphar-2","status":"publish","type":"page","link":"https:\/\/mon.uvic.cat\/nitrecerca\/nenuphar-2\/","title":{"rendered":"NENUPHAR"},"content":{"rendered":"<h2>Que \u00e9s NENUPHAR?<\/h2>\n<p>Els objectius d&#8217;aquest paquet de treball s\u00f3n poli\u00e8drics. En primer lloc, es posa l&#8217;accent en el desenvolupament d&#8217;un sistema de gesti\u00f3 administrativa, financera, t\u00e8cnica i legal integral per facilitar l&#8217;execuci\u00f3 del projecte amb \u00e8xit. En segon lloc, es posa l&#8217;accent a garantir la consecuci\u00f3 de tots els objectius del projecte dins dels par\u00e0metres de temps, qualitat i costos. En tercer lloc, l&#8217;objectiu \u00e9s establir eines, m\u00e8todes i processos de coordinaci\u00f3 i gesti\u00f3 adequats per a racionalitzar les operacions dels projectes. A m\u00e9s, el WP1 busca gestionar i coordinar el consorci de manera efectiva, fomentant la comprensi\u00f3 conjunta entre els socis i garantint el bon funcionament dels \u00f2rgans de govern, tot aix\u00f2 amb l&#8217;objectiu final d&#8217;aconseguir els objectius del projecte i del paquet de treball. Finalment, el WP1 t\u00e9 com a objectiu mantenir una comunicaci\u00f3 regular i proporcionar informaci\u00f3 t\u00e8cnica i financera d&#8217;alta qualitat sobre el progr\u00e9s a la Comissi\u00f3 Europea.<\/p>\n<p>&nbsp;<\/p>\n<p><a href=\"https:\/\/project-nenuphar.eu\/the-project\/\">Web del projecte\u00a0<\/a><\/p>\n","protected":false},"excerpt":{"rendered":"<p>Que \u00e9s NENUPHAR? Els objectius d&#8217;aquest paquet de treball s\u00f3n  [&#8230;]<\/p>\n","protected":false},"author":694,"featured_media":3635,"parent":0,"menu_order":0,"comment_status":"closed","ping_status":"closed","template":"100-width.php","meta":{"footnotes":""},"class_list":["post-3634","page","type-page","status-publish","has-post-thumbnail","hentry"],"jetpack_sharing_enabled":true,"_links":{"self":[{"href":"https:\/\/mon.uvic.cat\/nitrecerca\/wp-json\/wp\/v2\/pages\/3634","targetHints":{"allow":["GET"]}}],"collection":[{"href":"https:\/\/mon.uvic.cat\/nitrecerca\/wp-json\/wp\/v2\/pages"}],"about":[{"href":"https:\/\/mon.uvic.cat\/nitrecerca\/wp-json\/wp\/v2\/types\/page"}],"author":[{"embeddable":true,"href":"https:\/\/mon.uvic.cat\/nitrecerca\/wp-json\/wp\/v2\/users\/694"}],"replies":[{"embeddable":true,"href":"https:\/\/mon.uvic.cat\/nitrecerca\/wp-json\/wp\/v2\/comments?post=3634"}],"version-history":[{"count":3,"href":"https:\/\/mon.uvic.cat\/nitrecerca\/wp-json\/wp\/v2\/pages\/3634\/revisions"}],"predecessor-version":[{"id":3688,"href":"https:\/\/mon.uvic.cat\/nitrecerca\/wp-json\/wp\/v2\/pages\/3634\/revisions\/3688"}],"wp:featuredmedia":[{"embeddable":true,"href":"https:\/\/mon.uvic.cat\/nitrecerca\/wp-json\/wp\/v2\/media\/3635"}],"wp:attachment":[{"href":"https:\/\/mon.uvic.cat\/nitrecerca\/wp-json\/wp\/v2\/media?parent=3634"}],"curies":[{"name":"wp","href":"https:\/\/api.w.org\/{rel}","templated":true}]}}