{"id":3553,"date":"2025-10-07T15:46:37","date_gmt":"2025-10-07T13:46:37","guid":{"rendered":"https:\/\/mon.uvic.cat\/nitrecerca\/?page_id=3553"},"modified":"2025-10-07T15:56:55","modified_gmt":"2025-10-07T13:56:55","slug":"que-es-el-zoom-out","status":"publish","type":"page","link":"https:\/\/mon.uvic.cat\/nitrecerca\/que-es-el-zoom-out\/","title":{"rendered":"Zoom Out"},"content":{"rendered":"<p><strong>Que es Zoom Out?<\/strong><\/p>\n<p><span data-contrast=\"auto\">Zoom Out \u00e9s un projecte que vol fomentar el pensament cr\u00edtic abordant la literatura infantil europea des d\u2019una perspectiva interseccional, amb l\u2019objectiu de desenvolupar la cohesi\u00f3 ciutadana, la consci\u00e8ncia cultural i les habilitats d\u2019alfabetitzaci\u00f3 entre alumnat i professorat.\u00a0<\/span><span data-ccp-props=\"{&quot;201341983&quot;:0,&quot;335559740&quot;:279}\">\u00a0<\/span><\/p>\n<p><span data-contrast=\"auto\">El projecte cerca involucrar professorat, incloent-hi professorat en pr\u00e0ctiques, i alumnat, mitjan\u00e7ant recursos educatius que fomenten les habilitats socials i interculturals i el pensament cr\u00edtic des d\u2019una perspectiva interseccional, amb l\u2019objectiu de conscienciar sobre la inclusi\u00f3 i la diversitat.\u00a0<\/span><span data-ccp-props=\"{&quot;201341983&quot;:0,&quot;335559740&quot;:279}\">\u00a0<\/span><\/p>\n<p><span data-contrast=\"auto\">Zoom Out est\u00e0 finan\u00e7at per Erasmus+ i compta amb la participaci\u00f3 de 10 socis de 4 pa\u00efsos diferents: Espanya, Cro\u00e0cia, It\u00e0lia i Pol\u00f2nia.<\/span><span data-ccp-props=\"{&quot;201341983&quot;:0,&quot;335559740&quot;:279}\">\u00a0<\/span><\/p>\n<p>&nbsp;<\/p>\n<p><a href=\"https:\/\/www.zoomoutproject.eu\/ca\/zoom-out-projecte\/\">Web del projecte\u00a0<\/a><\/p>\n","protected":false},"excerpt":{"rendered":"<p>Que es Zoom Out? Zoom Out \u00e9s un projecte que  [&#8230;]<\/p>\n","protected":false},"author":694,"featured_media":3559,"parent":0,"menu_order":0,"comment_status":"closed","ping_status":"closed","template":"100-width.php","meta":{"footnotes":""},"class_list":["post-3553","page","type-page","status-publish","has-post-thumbnail","hentry"],"jetpack_sharing_enabled":true,"_links":{"self":[{"href":"https:\/\/mon.uvic.cat\/nitrecerca\/wp-json\/wp\/v2\/pages\/3553","targetHints":{"allow":["GET"]}}],"collection":[{"href":"https:\/\/mon.uvic.cat\/nitrecerca\/wp-json\/wp\/v2\/pages"}],"about":[{"href":"https:\/\/mon.uvic.cat\/nitrecerca\/wp-json\/wp\/v2\/types\/page"}],"author":[{"embeddable":true,"href":"https:\/\/mon.uvic.cat\/nitrecerca\/wp-json\/wp\/v2\/users\/694"}],"replies":[{"embeddable":true,"href":"https:\/\/mon.uvic.cat\/nitrecerca\/wp-json\/wp\/v2\/comments?post=3553"}],"version-history":[{"count":2,"href":"https:\/\/mon.uvic.cat\/nitrecerca\/wp-json\/wp\/v2\/pages\/3553\/revisions"}],"predecessor-version":[{"id":3556,"href":"https:\/\/mon.uvic.cat\/nitrecerca\/wp-json\/wp\/v2\/pages\/3553\/revisions\/3556"}],"wp:featuredmedia":[{"embeddable":true,"href":"https:\/\/mon.uvic.cat\/nitrecerca\/wp-json\/wp\/v2\/media\/3559"}],"wp:attachment":[{"href":"https:\/\/mon.uvic.cat\/nitrecerca\/wp-json\/wp\/v2\/media?parent=3553"}],"curies":[{"name":"wp","href":"https:\/\/api.w.org\/{rel}","templated":true}]}}