{"id":2908,"date":"2024-08-30T14:17:50","date_gmt":"2024-08-30T12:17:50","guid":{"rendered":"https:\/\/mon.uvic.cat\/nitrecerca\/?page_id=2908"},"modified":"2024-08-30T14:17:50","modified_gmt":"2024-08-30T12:17:50","slug":"happy-power-hapo","status":"publish","type":"page","link":"https:\/\/mon.uvic.cat\/nitrecerca\/happy-power-hapo\/","title":{"rendered":"Happy Power (HaPo)"},"content":{"rendered":"<h3><a href=\"http:\/\/mon.uvic.cat\/nitrecerca\/files\/2024\/08\/smail.jpg\"><img decoding=\"async\" class=\"wp-image-2909 alignleft\" src=\"http:\/\/mon.uvic.cat\/nitrecerca\/files\/2024\/08\/smail.jpg\" alt=\"\" width=\"217\" height=\"145\" \/><\/a>Qu\u00e8 \u00e9s <em>Happy Power (HaPo)?<\/em><\/h3>\n<p>\u00c9s un projecte Erasmus+ coordinat per la UVic-UCC i amb Elisenda Tarrats com a investigadora principal. En el projecte participen, a banda de la UVic-UCC, les universitats d\u2019OAMK, de Mil\u00e0, de Bacau i d\u2019Artevelde. \u201cHappy Power\u201d pret\u00e9n el desenvolupament d\u2019un programa formatiu per a alumnat universitari basat en la psicologia positiva per millorar el seu benestar, i creixement professional i personal.<\/p>\n<p>&nbsp;<\/p>\n","protected":false},"excerpt":{"rendered":"<p>Qu\u00e8 \u00e9s Happy Power (HaPo)? \u00c9s un projecte Erasmus+ coordinat  [&#8230;]<\/p>\n","protected":false},"author":215,"featured_media":0,"parent":0,"menu_order":0,"comment_status":"closed","ping_status":"closed","template":"100-width.php","meta":{"footnotes":""},"class_list":["post-2908","page","type-page","status-publish","hentry"],"jetpack_sharing_enabled":true,"_links":{"self":[{"href":"https:\/\/mon.uvic.cat\/nitrecerca\/wp-json\/wp\/v2\/pages\/2908","targetHints":{"allow":["GET"]}}],"collection":[{"href":"https:\/\/mon.uvic.cat\/nitrecerca\/wp-json\/wp\/v2\/pages"}],"about":[{"href":"https:\/\/mon.uvic.cat\/nitrecerca\/wp-json\/wp\/v2\/types\/page"}],"author":[{"embeddable":true,"href":"https:\/\/mon.uvic.cat\/nitrecerca\/wp-json\/wp\/v2\/users\/215"}],"replies":[{"embeddable":true,"href":"https:\/\/mon.uvic.cat\/nitrecerca\/wp-json\/wp\/v2\/comments?post=2908"}],"version-history":[{"count":1,"href":"https:\/\/mon.uvic.cat\/nitrecerca\/wp-json\/wp\/v2\/pages\/2908\/revisions"}],"predecessor-version":[{"id":2910,"href":"https:\/\/mon.uvic.cat\/nitrecerca\/wp-json\/wp\/v2\/pages\/2908\/revisions\/2910"}],"wp:attachment":[{"href":"https:\/\/mon.uvic.cat\/nitrecerca\/wp-json\/wp\/v2\/media?parent=2908"}],"curies":[{"name":"wp","href":"https:\/\/api.w.org\/{rel}","templated":true}]}}