{"id":2904,"date":"2024-08-30T14:07:44","date_gmt":"2024-08-30T12:07:44","guid":{"rendered":"https:\/\/mon.uvic.cat\/nitrecerca\/?page_id=2904"},"modified":"2024-08-30T14:07:44","modified_gmt":"2024-08-30T12:07:44","slug":"edufirst","status":"publish","type":"page","link":"https:\/\/mon.uvic.cat\/nitrecerca\/edufirst\/","title":{"rendered":"EDUFIRST"},"content":{"rendered":"<h3><a href=\"http:\/\/mon.uvic.cat\/nitrecerca\/files\/2024\/08\/LOGO-EDUFIRST.png\"><img decoding=\"async\" class=\"size-full wp-image-2905 alignleft\" src=\"http:\/\/mon.uvic.cat\/nitrecerca\/files\/2024\/08\/LOGO-EDUFIRST.png\" alt=\"\" width=\"349\" height=\"101\" \/><\/a>Qu\u00e8 \u00e9s EDUFIRST?<\/h3>\n<p>El projecte <em>Improving Early Childhood Education and Care Services (ECEC) for inclusion, equity, community participation and climate justice (EDUFIRST) <\/em>t\u00e9 per finalitat d\u2019aquesta donar suport a la col\u00b7laboraci\u00f3 entre ciutats per millorar els serveis d\u2019educaci\u00f3 i atenci\u00f3 a la primera inf\u00e0ncia a partir, entre altres recursos, de programes de formaci\u00f3.<\/p>\n<p>Els quatre socis del projecte<em>\u00a0Improving Early Childhood Education and Care Services (ECEC) for inclusion, equity, community participation and climate justice (EDUFIRST)<\/em>, coordinat per la UVic-UCC i amb Jordi Collet com a investigador principal, van trobar-se a Casa Convalesc\u00e8ncia el passat 29 i 30 de gener per fer la reuni\u00f3 de llan\u00e7ament i donar el tret de sortida oficial a aquesta recerca. A m\u00e9s a m\u00e9s de la UVic-UCC participar\u00e0 en aquest projecte, finan\u00e7at pel programa Erasmus+, l\u2019Institut Municipal d\u2019Educaci\u00f3 de Barcelona, la ciutat de Mil\u00e0 (It\u00e0lia) i la ciutat de Tempereen (Finl\u00e0ndia). La finalitat de la recerca \u00e9s donar suport a la col\u00b7laboraci\u00f3 entre ciutats per millorar els serveis d\u2019educaci\u00f3 i atenci\u00f3 a la primera inf\u00e0ncia a partir, entre altres recursos, de programes de formaci\u00f3.<\/p>\n<p>Les tres ciutats participants del projecte, Barcelona, Mil\u00e0 i Tampere, comparteixen reptes entorn dels serveis de primera inf\u00e0ncia amb relaci\u00f3 a quins serveis oferir, qu\u00e8 fer amb tota la demanda no atesa, com millorar la qualitat d\u2019aquests serveis a infants i fam\u00edlies de 0 a 3 anys, com aprofundir en el desenvolupament professional de les educadores, etc. Per tal de donar resposta a un nou model de serveis ECEC des de la perspectiva de la pol\u00edtica p\u00fablica, la governan\u00e7a i la pedagogia -objectiu \u00faltim del projecte EDUFIRST- els pr\u00f2xims passos que es faran durant el 2024 s\u00f3n les visites a les tres ciutats. La finalitat \u00e9s con\u00e8ixer de primera m\u00e0 els seus serveis, aix\u00ed com els reptes i les dificultats que tenen.<\/p>\n<p>Una vegada fetes les visites, durant el 2025 les tres ciutats, liderades per l\u2019equip UVic format per Jordi Collet, Laura Farr\u00e9, \u00c0lex Paniagua i Gl\u00f2ria Olmos (<a href=\"https:\/\/mon.uvic.cat\/greuv\/\">grup de recerca GREUV<\/a>), Ver\u00f3nica Jim\u00e9nez i Mila Naranjo (<a href=\"https:\/\/urecerca.uvic.cat\/CawDOS\/jsf\/seleccionPersonalEstamento\/seleccionPersonal.jsf?id=4cdf1a8d1df4408d&amp;idioma=ca&amp;tipo=grupo&amp;elmeucv=N\">grup de recerca GRAD<\/a>) i Berta Vila (<a href=\"https:\/\/mon.uvic.cat\/glossa\/\">grup de recerca GLOSSA<\/a>), construiran un nou model de serveis ECEC aprofitant les fortaleses i treballant per donar resposta a les debilitats identificades a cada ciutat.<\/p>\n<p>El projecte EDUFIRST tindr\u00e0 una durada de trenta-tres mesos i t\u00e9 prevista la seva finalitzaci\u00f3 el 29 de setembre de 2026.<\/p>\n<p><a href=\"https:\/\/edu-first.eu\/\">Web del projecte<\/a><\/p>\n","protected":false},"excerpt":{"rendered":"<p>Qu\u00e8 \u00e9s EDUFIRST? El projecte Improving Early Childhood Education and  [&#8230;]<\/p>\n","protected":false},"author":215,"featured_media":0,"parent":0,"menu_order":0,"comment_status":"closed","ping_status":"closed","template":"100-width.php","meta":{"footnotes":""},"class_list":["post-2904","page","type-page","status-publish","hentry"],"jetpack_sharing_enabled":true,"_links":{"self":[{"href":"https:\/\/mon.uvic.cat\/nitrecerca\/wp-json\/wp\/v2\/pages\/2904","targetHints":{"allow":["GET"]}}],"collection":[{"href":"https:\/\/mon.uvic.cat\/nitrecerca\/wp-json\/wp\/v2\/pages"}],"about":[{"href":"https:\/\/mon.uvic.cat\/nitrecerca\/wp-json\/wp\/v2\/types\/page"}],"author":[{"embeddable":true,"href":"https:\/\/mon.uvic.cat\/nitrecerca\/wp-json\/wp\/v2\/users\/215"}],"replies":[{"embeddable":true,"href":"https:\/\/mon.uvic.cat\/nitrecerca\/wp-json\/wp\/v2\/comments?post=2904"}],"version-history":[{"count":1,"href":"https:\/\/mon.uvic.cat\/nitrecerca\/wp-json\/wp\/v2\/pages\/2904\/revisions"}],"predecessor-version":[{"id":2906,"href":"https:\/\/mon.uvic.cat\/nitrecerca\/wp-json\/wp\/v2\/pages\/2904\/revisions\/2906"}],"wp:attachment":[{"href":"https:\/\/mon.uvic.cat\/nitrecerca\/wp-json\/wp\/v2\/media?parent=2904"}],"curies":[{"name":"wp","href":"https:\/\/api.w.org\/{rel}","templated":true}]}}