{"id":2881,"date":"2024-08-30T13:08:58","date_gmt":"2024-08-30T11:08:58","guid":{"rendered":"https:\/\/mon.uvic.cat\/nitrecerca\/?page_id=2881"},"modified":"2024-08-30T13:08:58","modified_gmt":"2024-08-30T11:08:58","slug":"life-turtlenest","status":"publish","type":"page","link":"https:\/\/mon.uvic.cat\/nitrecerca\/life-turtlenest\/","title":{"rendered":"LIFE TURTLENEST"},"content":{"rendered":"<h3><a href=\"http:\/\/mon.uvic.cat\/nitrecerca\/files\/2024\/08\/LOGOTIP-LIFETURTLENEST.png\"><img decoding=\"async\" class=\" wp-image-2883 alignleft\" src=\"http:\/\/mon.uvic.cat\/nitrecerca\/files\/2024\/08\/LOGOTIP-LIFETURTLENEST.png\" alt=\"\" width=\"448\" height=\"252\" \/><\/a>Qu\u00e8 \u00e9s LIFE TURTLENEST?<\/h3>\n<p>Les tortugues babaues estan ampliant la seva \u00e0rea de nidificaci\u00f3 a la Mediterr\u00e0nia occidental, on les platges s\u2019estan tornant adequades a causa de l\u2019escalfament clim\u00e0tic. Llocs no explorats anteriorment per les tortugues marines registren ara un augment significatiu del nombre de nius: en les dues darreres temporades els nius han passat de 12 a 146. Una altra xifra significativa: es van registrar uns 100 intents de nidificaci\u00f3, per\u00f2 malauradament les tortugues Caretta caretta van estar exposades a diverses amenaces, com la contaminaci\u00f3 lum\u00ednica.<\/p>\n<p>A partir d\u201faquestes dades, el projecte Life Turtlenest, cofinan\u00e7at pel programa LIFE de la Uni\u00f3 Europea i coordinat per Legambiente, millorar\u00e0 l\u201festat de conservaci\u00f3 de\u00a0<em>Caretta caretta<\/em>, esp\u00e8cie priorit\u00e0ria de la Directiva sobre h\u00e0bitats. Les accions previstes s\u00f3n l\u2019establiment d\u2019una xarxa internacional, l\u2019\u00fas de procediments compartits de millors pr\u00e0ctiques revisats espec\u00edficament per mitigar les amenaces als llocs de nidificaci\u00f3 emergents, la capacitaci\u00f3 d\u2019operadors i gestors de platges formats, la identificaci\u00f3 de nous llocs \u00edndex per al vostre seguiment i el refor\u00e7 de la xarxa Natura 2000. A m\u00e9s, es duran a terme campanyes de conscienciaci\u00f3 per als ciutadans i les parts interessades per tal d\u2019augmentar el coneixement de la pres\u00e8ncia de nius de tortuga i el consens social cap a les pol\u00edtiques de protecci\u00f3 de els h\u00e0bitats de nidament de les tortugues.<\/p>\n<p>El projecte es desenvolupar\u00e0 a 3 pa\u00efsos diferents: les regions riberenques del mar Tirr\u00e8 (Basilicata, Ap\u00falia, Camp\u00e0nia, Sic\u00edlia, Sardenya i Toscana), la regi\u00f3 francesa de Camarga, la Costa Blava i C\u00f2rsega, i les regions espanyoles de Catalunya, M\u00farcia, Andalusia, Balears i Val\u00e8ncia.<\/p>\n<p>Es realitzar\u00e0 un seguiment del Mar Mediterrani mitjan\u00e7ant la realitzaci\u00f3 d\u2019un model predictiu d\u2019avantguarda que incorpori dades f\u00edsiques, geomorfol\u00f2giques i biol\u00f2giques obtingudes mitjan\u00e7ant les activitats del projecte com a eina per avaluar els canvis en la idone\u00eftat de l\u2019h\u00e0bitat a l\u2019escenari clim\u00e0tic actual i futur orientar les decisions de gesti\u00f3.<\/p>\n<p><a href=\"https:\/\/www.legambiente.it\/progetti\/lifeturtlenest\/\">Web del projecte<\/a><\/p>\n","protected":false},"excerpt":{"rendered":"<p>Qu\u00e8 \u00e9s LIFE TURTLENEST? Les tortugues babaues estan ampliant la  [&#8230;]<\/p>\n","protected":false},"author":215,"featured_media":0,"parent":0,"menu_order":0,"comment_status":"closed","ping_status":"closed","template":"100-width.php","meta":{"footnotes":""},"class_list":["post-2881","page","type-page","status-publish","hentry"],"jetpack_sharing_enabled":true,"_links":{"self":[{"href":"https:\/\/mon.uvic.cat\/nitrecerca\/wp-json\/wp\/v2\/pages\/2881","targetHints":{"allow":["GET"]}}],"collection":[{"href":"https:\/\/mon.uvic.cat\/nitrecerca\/wp-json\/wp\/v2\/pages"}],"about":[{"href":"https:\/\/mon.uvic.cat\/nitrecerca\/wp-json\/wp\/v2\/types\/page"}],"author":[{"embeddable":true,"href":"https:\/\/mon.uvic.cat\/nitrecerca\/wp-json\/wp\/v2\/users\/215"}],"replies":[{"embeddable":true,"href":"https:\/\/mon.uvic.cat\/nitrecerca\/wp-json\/wp\/v2\/comments?post=2881"}],"version-history":[{"count":1,"href":"https:\/\/mon.uvic.cat\/nitrecerca\/wp-json\/wp\/v2\/pages\/2881\/revisions"}],"predecessor-version":[{"id":2884,"href":"https:\/\/mon.uvic.cat\/nitrecerca\/wp-json\/wp\/v2\/pages\/2881\/revisions\/2884"}],"wp:attachment":[{"href":"https:\/\/mon.uvic.cat\/nitrecerca\/wp-json\/wp\/v2\/media?parent=2881"}],"curies":[{"name":"wp","href":"https:\/\/api.w.org\/{rel}","templated":true}]}}