{"id":2861,"date":"2024-08-30T12:25:24","date_gmt":"2024-08-30T10:25:24","guid":{"rendered":"https:\/\/mon.uvic.cat\/nitrecerca\/?page_id=2861"},"modified":"2024-08-30T12:25:24","modified_gmt":"2024-08-30T10:25:24","slug":"biodaph2o","status":"publish","type":"page","link":"https:\/\/mon.uvic.cat\/nitrecerca\/biodaph2o\/","title":{"rendered":"BIODAPH2O"},"content":{"rendered":"<h3><a href=\"http:\/\/mon.uvic.cat\/nitrecerca\/files\/2024\/08\/logo-BIODAPH2O.png\"><img decoding=\"async\" class=\" wp-image-2860 alignleft\" src=\"http:\/\/mon.uvic.cat\/nitrecerca\/files\/2024\/08\/logo-BIODAPH2O.png\" alt=\"\" width=\"417\" height=\"213\" \/><\/a>Qu\u00e8 \u00e9s BIODAPH2O?<\/h3>\n<p>El projecte LIFE BIODAPH2O est\u00e0 finan\u00e7at dins del programa LIFE, l\u2019\u00fanic instrument financer de la Comissi\u00f3 Europea dedicat \u00edntegrament a la protecci\u00f3 del medi ambient i l\u2019acci\u00f3 pel clima. El projecte t\u00e9 una durada de 42 mesos, finalitzant el gener del 2026 amb un pressupost total de 2,1 M\u20ac. El projecte est\u00e0 coordinat per la Universitat de Girona (UdG) i els socis s\u00f3n ACSA (Grup Sorigu\u00e9), Institut d\u2019Avaluaci\u00f3 Ambiental i Investigaci\u00f3 de l\u2019Aigua (IDAEA-CSIC), MINAVRA Techniki, Universitat T\u00e8cnica Nacional d\u2019Atenes (NTUA), Centre Tecnol\u00f2gic BETA (UVic-UCC) i Catalan Water Partnership (CWP).<\/p>\n<p>LIFE BIODAPH2O \u00e9s un projecte demostratiu el principal objectiu del qual \u00e9s ampliar i implantar un sistema ecoeficient de tractament terciari d\u2019aig\u00fces residuals basat en la natura (BIODAPH) en dues regions del Mediterrani amb problemes h\u00eddrics. Aquest sistema produir\u00e0 aigua regenerada que contribuir\u00e0 a disminuir els abocaments contaminants als ecosistemes daigua dol\u00e7a ia fomentar la reutilitzaci\u00f3 agr\u00edcola. El sistema BIODAPH, desenvolupat pr\u00e8viament durant el projecte\u00a0<a href=\"https:\/\/innoqua-project.eu\/\"><strong>INNOQUA<\/strong><\/a>, es basa en la capacitat de depuraci\u00f3 d\u2019organismes biol\u00f2gics: puces d\u2019aigua (Daphnia), microalgues i biopel\u00b7l\u00edcules per eliminar contaminants (nutrients, carboni org\u00e0nic, s\u00f2lids en suspensi\u00f3, pat\u00f2gens, metalls pesants, contaminants emergents i prioritaris, i micropl\u00e0stics). Aquest sistema compacte i de baix consum energ\u00e8tic no produeix llots ni utilitza productes qu\u00edmics per al seu funcionament.<\/p>\n<p>La implantaci\u00f3 d\u2019aquest sistema a l\u2019Estaci\u00f3 Depuradora d\u2019Aig\u00fces Residuals (EDAR) de Quart, Espanya reduir\u00e0 l\u2019impacte dels abocaments secundaris d\u2019aig\u00fces residuals al riu Onyar, alhora que millorar\u00e0 la qualitat qu\u00edmica i ecol\u00f2gica dels ecosistemes aqu\u00e0tics d\u2019aquest riu i permetr\u00e0 assolir els est\u00e0ndards establerts a la Directiva Marc de l\u2019Aigua de la CE (Directiva 2000\/60\/CE). En el cas de Gr\u00e8cia, el sistema BIODAPH s\u2019implantar\u00e0 juntament amb l\u2019EDAR d\u2019Antissa, a Lesbos, que compta amb unitats modulars de digesti\u00f3 anaer\u00f2bia de llots a manta de flux ascendent, aiguamolls constru\u00efts i una unitat UV, posada en funcionament en el marc del projecte\u00a0<a href=\"https:\/\/www.hydrousa.org\/\"><strong>HYDROUSA<\/strong><\/a>. Aquests tractaments modulars permetran provar el sistema BIODAPH en diferents configuracions per obtenir aigua regenerada d\u201facord amb el Reglament UE 2020\/741 per regar 7.000 m2 de terres agr\u00edcoles properes.<\/p>\n<p>Els principals resultats esperats\/lliurables p\u00fablics del projecte s\u2019enumeren a continuaci\u00f3:<\/p>\n<ul class=\"without-class\">\n<li>Informe d\u2019avaluaci\u00f3 de la pol\u00edtica amb lavaluaci\u00f3 de la pol\u00edtica i la legislaci\u00f3 i el contacte amb les administracions (D2.1).<\/li>\n<li>Directrius per a la posada en marxa i funcionament del reactor BIODAPH (disseny, construcci\u00f3, funcionament, proves i optimitzaci\u00f3), aix\u00ed com els requisits de seguiment per avaluar-ne l\u2019efici\u00e8ncia (D3.2).<\/li>\n<li>Informe gr\u00e0fic amb imatges, esquemes i mapes de les dues plantes pilot (espanyola i grega) i les caracter\u00edstiques principals (D3.3).<\/li>\n<li>Resultats de l\u2019avaluaci\u00f3 de les plantes de demostraci\u00f3 en tres per\u00edodes diferents: despr\u00e9s dels sis primers mesos (D4.1), despr\u00e9s de l\u2019optimitzaci\u00f3 de les plantes de demostraci\u00f3 BIODAPH a cada empla\u00e7ament (D4.2), i despr\u00e9s d\u2019un llarg per\u00edode de funcionament en condicions \u00f2ptimes (D4.3).<\/li>\n<li>Informes d\u2019avaluaci\u00f3 de la sostenibilitat (D4.4 \u2013 Avaluaci\u00f3 de l\u2019impacte ambiental (ECM) i avaluaci\u00f3 tecnoecon\u00f2mica (ECL) Informe intermedi i D4.5 \u2013 Informe final d\u2019avaluaci\u00f3 d\u2019ECM i ECL).<\/li>\n<li>Impacte del BIODAPH a l\u2019estat ecol\u00f2gic i qu\u00edmic de l\u2019ecosistema fluvial despr\u00e9s de l\u2019actuaci\u00f3 (D4.6).<\/li>\n<li>Impacte de l\u2019aigua regenerada BIODAPH a la productivitat i qualitat agr\u00edcola despr\u00e9s de l\u2019actuaci\u00f3 (D4.7).<\/li>\n<li>Informes dindicadors clau recollits en una matriu relativa al rendiment del projecte (D4.8 i D4.9).<\/li>\n<li>Pla de difusi\u00f3, document que descriu un pla exhaustiu per a totes les activitats de difusi\u00f3 del projecte i proporciona directrius de difusi\u00f3 que han de seguir tots els socis (D5.1) i llocs web (D5.2).<\/li>\n<li>Manual BIODAPH2O i directrius amb full de dades de disseny per implementar la tecnologia a escala real (D6.2).<\/li>\n<\/ul>\n<p><a href=\"https:\/\/life-biodaph2o.eu\/\">Web del projecte<\/a><\/p>\n","protected":false},"excerpt":{"rendered":"<p>Qu\u00e8 \u00e9s BIODAPH2O? El projecte LIFE BIODAPH2O est\u00e0 finan\u00e7at dins  [&#8230;]<\/p>\n","protected":false},"author":215,"featured_media":0,"parent":0,"menu_order":0,"comment_status":"closed","ping_status":"closed","template":"100-width.php","meta":{"footnotes":""},"class_list":["post-2861","page","type-page","status-publish","hentry"],"jetpack_sharing_enabled":true,"_links":{"self":[{"href":"https:\/\/mon.uvic.cat\/nitrecerca\/wp-json\/wp\/v2\/pages\/2861","targetHints":{"allow":["GET"]}}],"collection":[{"href":"https:\/\/mon.uvic.cat\/nitrecerca\/wp-json\/wp\/v2\/pages"}],"about":[{"href":"https:\/\/mon.uvic.cat\/nitrecerca\/wp-json\/wp\/v2\/types\/page"}],"author":[{"embeddable":true,"href":"https:\/\/mon.uvic.cat\/nitrecerca\/wp-json\/wp\/v2\/users\/215"}],"replies":[{"embeddable":true,"href":"https:\/\/mon.uvic.cat\/nitrecerca\/wp-json\/wp\/v2\/comments?post=2861"}],"version-history":[{"count":1,"href":"https:\/\/mon.uvic.cat\/nitrecerca\/wp-json\/wp\/v2\/pages\/2861\/revisions"}],"predecessor-version":[{"id":2862,"href":"https:\/\/mon.uvic.cat\/nitrecerca\/wp-json\/wp\/v2\/pages\/2861\/revisions\/2862"}],"wp:attachment":[{"href":"https:\/\/mon.uvic.cat\/nitrecerca\/wp-json\/wp\/v2\/media?parent=2861"}],"curies":[{"name":"wp","href":"https:\/\/api.w.org\/{rel}","templated":true}]}}