{"id":2357,"date":"2024-05-29T12:47:14","date_gmt":"2024-05-29T10:47:14","guid":{"rendered":"https:\/\/mon.uvic.cat\/nitrecerca\/?page_id=2357"},"modified":"2024-05-29T12:47:14","modified_gmt":"2024-05-29T10:47:14","slug":"alliance3","status":"publish","type":"page","link":"https:\/\/mon.uvic.cat\/nitrecerca\/alliance3\/","title":{"rendered":"ALLIANCE3"},"content":{"rendered":"<div class=\"fusion-fullwidth fullwidth-box fusion-builder-row-1 fusion-flex-container nonhundred-percent-fullwidth non-hundred-percent-height-scrolling\" style=\"--awb-border-radius-top-left:0px;--awb-border-radius-top-right:0px;--awb-border-radius-bottom-right:0px;--awb-border-radius-bottom-left:0px;--awb-flex-wrap:wrap;\" ><div class=\"fusion-builder-row fusion-row fusion-flex-align-items-flex-start fusion-flex-content-wrap\" style=\"max-width:1248px;margin-left: calc(-4% \/ 2 );margin-right: calc(-4% \/ 2 );\"><div class=\"fusion-layout-column fusion_builder_column fusion-builder-column-0 fusion_builder_column_1_1 1_1 fusion-flex-column\" style=\"--awb-bg-size:cover;--awb-width-large:100%;--awb-margin-top-large:0px;--awb-spacing-right-large:1.92%;--awb-margin-bottom-large:0px;--awb-spacing-left-large:1.92%;--awb-width-medium:100%;--awb-spacing-right-medium:1.92%;--awb-spacing-left-medium:1.92%;--awb-width-small:100%;--awb-spacing-right-small:1.92%;--awb-spacing-left-small:1.92%;\"><div class=\"fusion-column-wrapper fusion-flex-justify-content-flex-start fusion-content-layout-column\"><div class=\"fusion-text fusion-text-1\" style=\"--awb-text-font-family:&quot;Inter&quot;;--awb-text-font-style:normal;--awb-text-font-weight:400;\"><h3>Qu\u00e8 \u00e9s ALLIANCE3?<\/h3>\n<p>ALLIANCE3, &#8220;School, family and community against early school leaving&#8221;, \u00e9s un projecte que busca generar sinergies amb diferents actors implicats en l&#8217;educaci\u00f3 formal i no formal amb l&#8217;objectiu de millorar les transicions entre les diferents etapes educatives i entre els diferents espais educatius, formatius i de treball amb joves, tant a nivell local com internacional. El projecte aporta eines i propostes pr\u00e0ctiques a docents, educadors\/es socials, t\u00e8cnics\/es de joventut i fam\u00edlies per desenvolupar col\u00b7laboracions m\u00fatues que contribueixin a la lluita contra l&#8217;Abandonament Escolar Prematur (AEP).<\/p>\n<p>El projecte Alliance 3, amb participaci\u00f3 d\u2019investigadores i investigadors de la UVic-UCC, va concloure el setembre passat el seu primer any de funcionament, amb dos m\u00e9s encara per endavant. Crear sinergies entre les organitzacions que imparteixen ensenyament acad\u00e8mic i no acad\u00e8mic (escoles, comunitats locals, fam\u00edlies i alumnes) \u00e9s el principal objectiu del projecte, que ha de fomentar que l\u2019abandonament escolar prematur disminueixi les seves xifres als diferents pa\u00efsos implicats. L\u2019estudi, que coordina <a href=\"https:\/\/www.uco.fr\/fr\">Universit\u00e9 Catholique de l\u2019Ouest<\/a> (Fran\u00e7a), compta tamb\u00e9 amb la implicaci\u00f3 de la <a href=\"https:\/\/europa.eu\/youth\/volunteering\/organisation\/49517_en\">Nyborg Youth School<\/a>, de Dinamarca i la <a href=\"https:\/\/www.elte.hu\/en\/\">University of E\u00f6tv\u00f6s Lor\u00e1nd<\/a>, d\u2019Hongria.<\/p>\n<p>Per part de la UVic-UCC hi participen el vicerector de Recerca i Transfer\u00e8ncia del Coneixement i professor de la <a href=\"https:\/\/www.uvic.cat\/centre\/fetch\">FETCH<\/a>, Jordi Collet, i les professores de la mateixa facultat, Mila Naranjo i Mar Beneyto. Collet i Beneyto formen part del <a href=\"https:\/\/mon.uvic.cat\/greuv\/grup-greuv\/\">Grup de Recerca Educativa de la Universitat de Vic (GREUV)<\/a> mentre que Naranjo es troba al <a href=\"https:\/\/urecerca.uvic.cat\/CawDOS\/jsf\/seleccionPersonalEstamento\/seleccionPersonal.jsf?id=4cdf1a8d1df4408d&amp;idioma=ca&amp;tipo=grupo&amp;elmeucv=N\">Grup de Recerca sobre Atenci\u00f3 a la Diversitat (GRAD)<\/a>.<\/p>\n<p>El projecte s\u2019emmarca en el programa <a href=\"https:\/\/ec.europa.eu\/programmes\/erasmus-plus\/opportunities\/strategic-partnerships-field-education-training-and-youth_en\">Erasmus+ Strategic <\/a>Partnership.<\/p>\n<h3>Objectius<\/h3>\n<ul>\n<li>Contribuir significativament a la millora dels resultats acad\u00e8mics dels\/les joves a trav\u00e9s d&#8217;el desenvolupament de les seves compet\u00e8ncies b\u00e0siques.<\/li>\n<li>Refor\u00e7ar l&#8217;acompanyament de les fam\u00edlies de les\/els estudiants per involucrar-les en els processos d&#8217;aprenentatge.<\/li>\n<li>Formar els diferents actors educatius per a l&#8217;acompanyament dels\/les joves m\u00e9s desfavorits.<\/li>\n<li>Contribuir a el desenvolupament i la millora professional de docents i t\u00e8cnics\/es de joventut.<\/li>\n<li>Enfortir les relacions entre escoles, fam\u00edlies i comunitat a trav\u00e9s de la participaci\u00f3 de tots els actors del territori en el projecte. Construint, conjuntament, una resposta global a les necessitats dels\/les joves.<\/li>\n<li>Incrementar la consci\u00e8ncia entre els\/les joves i les seves fam\u00edlies de l&#8217;exist\u00e8ncia de recursos educatius, socials i culturals en el seu entorn proper i facilitar-los el seu \u00fas quotidi\u00e0.<\/li>\n<\/ul>\n<h3>Material divulgatiu<\/h3>\n\n\t\t<style type=\"text\/css\">\n\t\t\t#gallery-1 {\n\t\t\t\tmargin: auto;\n\t\t\t}\n\t\t\t#gallery-1 .gallery-item {\n\t\t\t\tfloat: left;\n\t\t\t\tmargin-top: 10px;\n\t\t\t\ttext-align: center;\n\t\t\t\twidth: 100%;\n\t\t\t}\n\t\t\t#gallery-1 img {\n\t\t\t\tborder: 2px solid #cfcfcf;\n\t\t\t}\n\t\t\t#gallery-1 .gallery-caption {\n\t\t\t\tmargin-left: 0;\n\t\t\t}\n\t\t\t\/* see gallery_shortcode() in wp-includes\/media.php *\/\n\t\t<\/style>\n\t\t<div id='gallery-1' class='gallery galleryid-2357 gallery-columns-1 gallery-size-large'><dl class='gallery-item'>\n\t\t\t<dt class='gallery-icon portrait'>\n\t\t\t\t<a data-rel=\"iLightbox[postimages]\" data-title=\"Brochure SP_P\u00e1gina_1\" data-caption=\"\" href='https:\/\/mon.uvic.cat\/nitrecerca\/files\/2020\/11\/Brochure-SP_Pagina_1.png'><img decoding=\"async\" width=\"722\" height=\"1024\" src=\"https:\/\/mon.uvic.cat\/nitrecerca\/files\/2020\/11\/Brochure-SP_Pagina_1-722x1024.png\" class=\"attachment-large size-large\" alt=\"\" srcset=\"https:\/\/mon.uvic.cat\/nitrecerca\/files\/2020\/11\/Brochure-SP_Pagina_1-211x300.png 211w, https:\/\/mon.uvic.cat\/nitrecerca\/files\/2020\/11\/Brochure-SP_Pagina_1-722x1024.png 722w, https:\/\/mon.uvic.cat\/nitrecerca\/files\/2020\/11\/Brochure-SP_Pagina_1-768x1089.png 768w, https:\/\/mon.uvic.cat\/nitrecerca\/files\/2020\/11\/Brochure-SP_Pagina_1-1083x1536.png 1083w, https:\/\/mon.uvic.cat\/nitrecerca\/files\/2020\/11\/Brochure-SP_Pagina_1-1444x2048.png 1444w, https:\/\/mon.uvic.cat\/nitrecerca\/files\/2020\/11\/Brochure-SP_Pagina_1.png 1749w\" sizes=\"(max-width: 722px) 100vw, 722px\" \/><\/a>\n\t\t\t<\/dt><\/dl><br style=\"clear: both\" \/><dl class='gallery-item'>\n\t\t\t<dt class='gallery-icon portrait'>\n\t\t\t\t<a data-rel=\"iLightbox[postimages]\" data-title=\"Brochure SP_P\u00e1gina_2\" data-caption=\"\" href='https:\/\/mon.uvic.cat\/nitrecerca\/files\/2020\/11\/Brochure-SP_Pagina_2.png'><img decoding=\"async\" width=\"722\" height=\"1024\" src=\"https:\/\/mon.uvic.cat\/nitrecerca\/files\/2020\/11\/Brochure-SP_Pagina_2-722x1024.png\" class=\"attachment-large size-large\" alt=\"\" srcset=\"https:\/\/mon.uvic.cat\/nitrecerca\/files\/2020\/11\/Brochure-SP_Pagina_2-211x300.png 211w, https:\/\/mon.uvic.cat\/nitrecerca\/files\/2020\/11\/Brochure-SP_Pagina_2-722x1024.png 722w, https:\/\/mon.uvic.cat\/nitrecerca\/files\/2020\/11\/Brochure-SP_Pagina_2-768x1089.png 768w, https:\/\/mon.uvic.cat\/nitrecerca\/files\/2020\/11\/Brochure-SP_Pagina_2-1083x1536.png 1083w, https:\/\/mon.uvic.cat\/nitrecerca\/files\/2020\/11\/Brochure-SP_Pagina_2.png 1166w\" sizes=\"(max-width: 722px) 100vw, 722px\" \/><\/a>\n\t\t\t<\/dt><\/dl><br style=\"clear: both\" \/><dl class='gallery-item'>\n\t\t\t<dt class='gallery-icon portrait'>\n\t\t\t\t<a data-rel=\"iLightbox[postimages]\" data-title=\"Brochure SP_P\u00e1gina_3\" data-caption=\"\" href='https:\/\/mon.uvic.cat\/nitrecerca\/files\/2020\/11\/Brochure-SP_Pagina_3.png'><img decoding=\"async\" width=\"722\" height=\"1024\" src=\"https:\/\/mon.uvic.cat\/nitrecerca\/files\/2020\/11\/Brochure-SP_Pagina_3-722x1024.png\" class=\"attachment-large size-large\" alt=\"\" srcset=\"https:\/\/mon.uvic.cat\/nitrecerca\/files\/2020\/11\/Brochure-SP_Pagina_3-211x300.png 211w, https:\/\/mon.uvic.cat\/nitrecerca\/files\/2020\/11\/Brochure-SP_Pagina_3-722x1024.png 722w, https:\/\/mon.uvic.cat\/nitrecerca\/files\/2020\/11\/Brochure-SP_Pagina_3-768x1089.png 768w, https:\/\/mon.uvic.cat\/nitrecerca\/files\/2020\/11\/Brochure-SP_Pagina_3-1083x1536.png 1083w, https:\/\/mon.uvic.cat\/nitrecerca\/files\/2020\/11\/Brochure-SP_Pagina_3.png 1166w\" sizes=\"(max-width: 722px) 100vw, 722px\" \/><\/a>\n\t\t\t<\/dt><\/dl><br style=\"clear: both\" \/><dl class='gallery-item'>\n\t\t\t<dt class='gallery-icon portrait'>\n\t\t\t\t<a data-rel=\"iLightbox[postimages]\" data-title=\"Brochure SP_P\u00e1gina_4\" data-caption=\"\" href='https:\/\/mon.uvic.cat\/nitrecerca\/files\/2020\/11\/Brochure-SP_Pagina_4.png'><img decoding=\"async\" width=\"720\" height=\"1024\" src=\"https:\/\/mon.uvic.cat\/nitrecerca\/files\/2020\/11\/Brochure-SP_Pagina_4-720x1024.png\" class=\"attachment-large size-large\" alt=\"\" srcset=\"https:\/\/mon.uvic.cat\/nitrecerca\/files\/2020\/11\/Brochure-SP_Pagina_4-211x300.png 211w, https:\/\/mon.uvic.cat\/nitrecerca\/files\/2020\/11\/Brochure-SP_Pagina_4-720x1024.png 720w, https:\/\/mon.uvic.cat\/nitrecerca\/files\/2020\/11\/Brochure-SP_Pagina_4-768x1093.png 768w, https:\/\/mon.uvic.cat\/nitrecerca\/files\/2020\/11\/Brochure-SP_Pagina_4-1079x1536.png 1079w, https:\/\/mon.uvic.cat\/nitrecerca\/files\/2020\/11\/Brochure-SP_Pagina_4-1439x2048.png 1439w, https:\/\/mon.uvic.cat\/nitrecerca\/files\/2020\/11\/Brochure-SP_Pagina_4.png 1749w\" sizes=\"(max-width: 720px) 100vw, 720px\" \/><\/a>\n\t\t\t<\/dt><\/dl><br style=\"clear: both\" \/>\n\t\t<\/div>\n\n<p><a href=\"http:\/\/mon.uvic.cat\/nitrecerca\/files\/2020\/11\/Brochure-SP.pdf\">Fullet\u00f3 en castell\u00e0 descarregable<\/a>.<\/p>\n<p><a href=\"https:\/\/www.alliance3.eu\/wp-content\/uploads\/2020\/05\/Brochure.pdf\">Fullet\u00f3 en angl\u00e8s descarregable<\/a>.<\/p>\n<h3>Partners<\/h3>\n<p><img decoding=\"async\" class=\"alignleft size-full wp-image-912\" src=\"http:\/\/mon.uvic.cat\/nitrecerca\/files\/2020\/11\/uco.jpg\" alt=\"\" width=\"300\" height=\"120\" \/> <img decoding=\"async\" class=\"alignleft size-full wp-image-915\" src=\"http:\/\/mon.uvic.cat\/nitrecerca\/files\/2020\/11\/faculty.jpg\" alt=\"\" width=\"300\" height=\"120\" \/> <img decoding=\"async\" class=\"alignleft size-full wp-image-916\" src=\"http:\/\/mon.uvic.cat\/nitrecerca\/files\/2020\/11\/elte.jpg\" alt=\"\" width=\"300\" height=\"120\" \/> <img decoding=\"async\" class=\"alignleft size-full wp-image-917\" src=\"http:\/\/mon.uvic.cat\/nitrecerca\/files\/2020\/11\/nyborg.jpg\" alt=\"\" width=\"300\" height=\"120\" \/> <img decoding=\"async\" class=\"size-full wp-image-918 alignnone\" src=\"http:\/\/mon.uvic.cat\/nitrecerca\/files\/2020\/11\/uvic-1.jpg\" alt=\"\" width=\"300\" height=\"120\" \/><\/p>\n<p><img decoding=\"async\" class=\"alignleft size-full wp-image-914\" src=\"http:\/\/mon.uvic.cat\/nitrecerca\/files\/2020\/11\/BF-Ensemble-Scolaire-paysage-couleurs-RVB-1-300x128-1.jpg\" alt=\"\" width=\"300\" height=\"128\" \/><\/p>\n<p><img decoding=\"async\" class=\" wp-image-913 alignnone\" src=\"http:\/\/mon.uvic.cat\/nitrecerca\/files\/2020\/11\/HU-Bagazs.jpg\" alt=\"\" width=\"205\" height=\"205\" srcset=\"https:\/\/mon.uvic.cat\/nitrecerca\/files\/2020\/11\/HU-Bagazs-60x60.jpg 60w, https:\/\/mon.uvic.cat\/nitrecerca\/files\/2020\/11\/HU-Bagazs-150x150.jpg 150w, https:\/\/mon.uvic.cat\/nitrecerca\/files\/2020\/11\/HU-Bagazs.jpg 300w\" sizes=\"(max-width: 205px) 100vw, 205px\" \/><\/p>\n<p><img decoding=\"async\" class=\"wp-image-839 alignnone\" src=\"http:\/\/mon.uvic.cat\/nitrecerca\/files\/2020\/11\/cropped-cofunded-erasmus-right_en_0.jpg\" alt=\"\" width=\"395\" height=\"110\" srcset=\"https:\/\/mon.uvic.cat\/nitrecerca\/files\/2020\/11\/cropped-cofunded-erasmus-right_en_0-300x84.jpg 300w, https:\/\/mon.uvic.cat\/nitrecerca\/files\/2020\/11\/cropped-cofunded-erasmus-right_en_0-768x214.jpg 768w, https:\/\/mon.uvic.cat\/nitrecerca\/files\/2020\/11\/cropped-cofunded-erasmus-right_en_0.jpg 836w\" sizes=\"(max-width: 395px) 100vw, 395px\" \/><\/p>\n<p style=\"text-align: right;\"><strong>Xarxes socials:<\/strong><\/p>\n<p><a href=\"https:\/\/twitter.com\/Alliance3Erasm1\"><img decoding=\"async\" class=\"alignright wp-image-90 size-full\" src=\"http:\/\/mon.uvic.cat\/nitrecerca\/files\/2020\/10\/twitter-logo-6-e1602843185286.png\" alt=\"\" width=\"61\" height=\"50\" \/><\/a> <a href=\"https:\/\/www.alliance3.eu\/\"><img decoding=\"async\" class=\"alignright wp-image-84 size-full\" src=\"http:\/\/mon.uvic.cat\/nitrecerca\/files\/2020\/10\/www-e1602843105399.png\" alt=\"\" width=\"50\" height=\"50\" \/><\/a><\/p>\n<\/div><\/div><\/div><\/div><\/div>\n","protected":false},"excerpt":{"rendered":"","protected":false},"author":613,"featured_media":0,"parent":0,"menu_order":0,"comment_status":"closed","ping_status":"closed","template":"","meta":{"footnotes":""},"class_list":["post-2357","page","type-page","status-publish","hentry"],"jetpack_sharing_enabled":true,"_links":{"self":[{"href":"https:\/\/mon.uvic.cat\/nitrecerca\/wp-json\/wp\/v2\/pages\/2357","targetHints":{"allow":["GET"]}}],"collection":[{"href":"https:\/\/mon.uvic.cat\/nitrecerca\/wp-json\/wp\/v2\/pages"}],"about":[{"href":"https:\/\/mon.uvic.cat\/nitrecerca\/wp-json\/wp\/v2\/types\/page"}],"author":[{"embeddable":true,"href":"https:\/\/mon.uvic.cat\/nitrecerca\/wp-json\/wp\/v2\/users\/613"}],"replies":[{"embeddable":true,"href":"https:\/\/mon.uvic.cat\/nitrecerca\/wp-json\/wp\/v2\/comments?post=2357"}],"version-history":[{"count":2,"href":"https:\/\/mon.uvic.cat\/nitrecerca\/wp-json\/wp\/v2\/pages\/2357\/revisions"}],"predecessor-version":[{"id":2521,"href":"https:\/\/mon.uvic.cat\/nitrecerca\/wp-json\/wp\/v2\/pages\/2357\/revisions\/2521"}],"wp:attachment":[{"href":"https:\/\/mon.uvic.cat\/nitrecerca\/wp-json\/wp\/v2\/media?parent=2357"}],"curies":[{"name":"wp","href":"https:\/\/api.w.org\/{rel}","templated":true}]}}