{"id":2349,"date":"2024-05-30T11:14:03","date_gmt":"2024-05-30T09:14:03","guid":{"rendered":"https:\/\/mon.uvic.cat\/nitrecerca\/?page_id=2349"},"modified":"2024-05-30T11:14:03","modified_gmt":"2024-05-30T09:14:03","slug":"greenbuilding","status":"publish","type":"page","link":"https:\/\/mon.uvic.cat\/nitrecerca\/greenbuilding\/","title":{"rendered":"GreenBuilding"},"content":{"rendered":"<div class=\"fusion-fullwidth fullwidth-box fusion-builder-row-1 fusion-flex-container nonhundred-percent-fullwidth non-hundred-percent-height-scrolling\" style=\"--awb-border-radius-top-left:0px;--awb-border-radius-top-right:0px;--awb-border-radius-bottom-right:0px;--awb-border-radius-bottom-left:0px;--awb-flex-wrap:wrap;\" ><div class=\"fusion-builder-row fusion-row fusion-flex-align-items-flex-start fusion-flex-content-wrap\" style=\"max-width:1248px;margin-left: calc(-4% \/ 2 );margin-right: calc(-4% \/ 2 );\"><div class=\"fusion-layout-column fusion_builder_column fusion-builder-column-0 fusion_builder_column_1_1 1_1 fusion-flex-column\" style=\"--awb-bg-size:cover;--awb-width-large:100%;--awb-margin-top-large:0px;--awb-spacing-right-large:1.92%;--awb-margin-bottom-large:0px;--awb-spacing-left-large:1.92%;--awb-width-medium:100%;--awb-spacing-right-medium:1.92%;--awb-spacing-left-medium:1.92%;--awb-width-small:100%;--awb-spacing-right-small:1.92%;--awb-spacing-left-small:1.92%;\"><div class=\"fusion-column-wrapper fusion-flex-justify-content-flex-start fusion-content-layout-column\"><div class=\"fusion-text fusion-text-1\"><h3>Qu\u00e8 \u00e9s GreenBuilding?<\/h3>\n<p><a href=\"http:\/\/www.enicbcmed.eu\/projects\/greenbuilding\">GreenBuilding<\/a>, &#8220;Minimising Energy Consumption for Green Buildings respecting present uses and public needs&#8221; \u00e9s un projecte cofinan\u00e7at per la Uni\u00f3 Europea European Neighbourhood Instrument (ENI), mitjan\u00e7ant el programa ENI CBC Mediterranean Sea Basin Programme (ENI CBC Med Programme) 2014-2020. El projecte planificar\u00e0 i donar\u00e0 suport a la reforma energ\u00e8tica d\u2019edificis p\u00fablics rendibles basada en fonts d\u2019energia renovables i efici\u00e8ncia energ\u00e8tica. A m\u00e9s, desenvolupar\u00e0 una eina de control remot de l\u2019estat energ\u00e8tic dels edificis p\u00fablics en temps real, destacant la millora en termes de consum energ\u00e8tic. Finalment, el projecte desenvolupar\u00e0 un conjunt de documents t\u00e8cnics, estudis i directrius per donar suport als futurs esfor\u00e7os per assolir edificis amb un rendiment energ\u00e8tic gaireb\u00e9 nul i elevat.<\/p>\n<p>El <a href=\"https:\/\/mon.uvic.cat\/ct-beta\/\">CT BETA<\/a> participa com a soci per dur a terme estudis de sostenibilitat i impacte ambiental. Aquest projecte el coordina la regi\u00f3 del Pelopon\u00e8s (Gr\u00e8cia) i a m\u00e9s del BETA hi ha socis de Gr\u00e8cia, Espanya, el L\u00edban, Tun\u00edsia i Jord\u00e0nia. En aquest cas, els territoris implicats abordaran la necessitat de reduir el consum energ\u00e8tic i els impactes ambientals perjudicials i per aix\u00f2 utilitzaran fonts d\u2019energia renovable i mesures d\u2019efici\u00e8ncia energ\u00e8tica en edificis p\u00fablics per provar el seu avantatge competitiu a la zona mediterr\u00e0nia.<\/p>\n<h3>Objectius<\/h3>\n<ul>\n<li>Planificar\/donar suport a la reforma energ\u00e8tica rendible de 3 edificis p\u00fablics a Gr\u00e8cia, Tun\u00edsia i Jord\u00e0nia, respectar els usos actuals\/necessitats p\u00fabliques i controlar-ne l\u2019efic\u00e0cia mitjan\u00e7ant dispositius de mesura d\u2019energia.<\/li>\n<li>Promoure l\u2019\u00fas ecol\u00f2gic dels edificis p\u00fablics, respectant el seu \u00fas tradicional i el seu paper social, canviant l\u2019edifici la forma de pensar existent dels usuaris i de la societat en una perspectiva m\u00e9s respectuosa amb el medi ambient.<\/li>\n<li>Identificar enfocaments de reforma energ\u00e8tica rendibles; i enfortir els processos d\u2019aprenentatge; aix\u00ed, assegurant una transici\u00f3 sostenible cap a una economia baixa en carboni.<\/li>\n<li>Proporcionar plans\/mesures innovadores de reforma energ\u00e8tica per als edificis, per augmentar la capacitat de la ciutadania institucions en la resposta a impactes ambientals negatius.<\/li>\n<li>Millorar l\u2019intercanvi de coneixement\/experi\u00e8ncia entre els cossos implicats, que \u00e9s necessari per a l\u2019alta energia activitats de rehabilitaci\u00f3 d\u2019efici\u00e8ncia.<\/li>\n<li>Planificar\/implementar pol\u00edtiques energ\u00e8tiques sostenibles a alts nivells de decisi\u00f3, desenvolupant una estrat\u00e8gia unificada marc d\u2019EUMC\/MPC per a la protecci\u00f3 del medi ambient i l\u2019efici\u00e8ncia energ\u00e8tica.<\/li>\n<\/ul>\n<h3>Material divulgatiu<\/h3>\n<p><a href=\"http:\/\/mon.uvic.cat\/nitrecerca\/files\/2020\/11\/GreenBuilding_Poster.pdf\"><img decoding=\"async\" class=\"alignnone wp-image-926 size-large\" src=\"http:\/\/mon.uvic.cat\/nitrecerca\/files\/2020\/11\/GreenBuilding_Poster-724x1024.png\" alt=\"\" width=\"724\" height=\"1024\" srcset=\"https:\/\/mon.uvic.cat\/nitrecerca\/files\/2020\/11\/GreenBuilding_Poster-212x300.png 212w, https:\/\/mon.uvic.cat\/nitrecerca\/files\/2020\/11\/GreenBuilding_Poster-724x1024.png 724w, https:\/\/mon.uvic.cat\/nitrecerca\/files\/2020\/11\/GreenBuilding_Poster-768x1086.png 768w, https:\/\/mon.uvic.cat\/nitrecerca\/files\/2020\/11\/GreenBuilding_Poster-1087x1536.png 1087w, https:\/\/mon.uvic.cat\/nitrecerca\/files\/2020\/11\/GreenBuilding_Poster.png 1182w\" sizes=\"(max-width: 724px) 100vw, 724px\" \/><\/a><\/p>\n<p><a href=\"http:\/\/mon.uvic.cat\/nitrecerca\/files\/2020\/11\/GreenBuilding_Poster.pdf\"><strong>P\u00f2ster pdf<\/strong><\/a>.<\/p>\n\n\t\t<style type=\"text\/css\">\n\t\t\t#gallery-1 {\n\t\t\t\tmargin: auto;\n\t\t\t}\n\t\t\t#gallery-1 .gallery-item {\n\t\t\t\tfloat: left;\n\t\t\t\tmargin-top: 10px;\n\t\t\t\ttext-align: center;\n\t\t\t\twidth: 100%;\n\t\t\t}\n\t\t\t#gallery-1 img {\n\t\t\t\tborder: 2px solid #cfcfcf;\n\t\t\t}\n\t\t\t#gallery-1 .gallery-caption {\n\t\t\t\tmargin-left: 0;\n\t\t\t}\n\t\t\t\/* see gallery_shortcode() in wp-includes\/media.php *\/\n\t\t<\/style>\n\t\t<div id='gallery-1' class='gallery galleryid-2349 gallery-columns-1 gallery-size-full'><dl class='gallery-item'>\n\t\t\t<dt class='gallery-icon landscape'>\n\t\t\t\t<a data-rel=\"iLightbox[postimages]\" data-title=\"1. GreenBuilding-FLyer_P\u00e1gina_1\" data-caption=\"\" href='https:\/\/mon.uvic.cat\/nitrecerca\/files\/2020\/11\/1.-GreenBuilding-FLyer_Pagina_1.png'><img decoding=\"async\" width=\"6896\" height=\"3448\" src=\"https:\/\/mon.uvic.cat\/nitrecerca\/files\/2020\/11\/1.-GreenBuilding-FLyer_Pagina_1.png\" class=\"attachment-full size-full\" alt=\"\" srcset=\"https:\/\/mon.uvic.cat\/nitrecerca\/files\/2020\/11\/1.-GreenBuilding-FLyer_Pagina_1-300x150.png 300w, https:\/\/mon.uvic.cat\/nitrecerca\/files\/2020\/11\/1.-GreenBuilding-FLyer_Pagina_1-768x384.png 768w, https:\/\/mon.uvic.cat\/nitrecerca\/files\/2020\/11\/1.-GreenBuilding-FLyer_Pagina_1-1024x512.png 1024w, https:\/\/mon.uvic.cat\/nitrecerca\/files\/2020\/11\/1.-GreenBuilding-FLyer_Pagina_1-1536x768.png 1536w, https:\/\/mon.uvic.cat\/nitrecerca\/files\/2020\/11\/1.-GreenBuilding-FLyer_Pagina_1.png 6896w\" sizes=\"(max-width: 6896px) 100vw, 6896px\" \/><\/a>\n\t\t\t<\/dt><\/dl><br style=\"clear: both\" \/><dl class='gallery-item'>\n\t\t\t<dt class='gallery-icon landscape'>\n\t\t\t\t<a data-rel=\"iLightbox[postimages]\" data-title=\"1. GreenBuilding-FLyer_P\u00e1gina_2\" data-caption=\"\" href='https:\/\/mon.uvic.cat\/nitrecerca\/files\/2020\/11\/1.-GreenBuilding-FLyer_Pagina_2.png'><img decoding=\"async\" width=\"4961\" height=\"2481\" src=\"https:\/\/mon.uvic.cat\/nitrecerca\/files\/2020\/11\/1.-GreenBuilding-FLyer_Pagina_2.png\" class=\"attachment-full size-full\" alt=\"\" srcset=\"https:\/\/mon.uvic.cat\/nitrecerca\/files\/2020\/11\/1.-GreenBuilding-FLyer_Pagina_2-300x150.png 300w, https:\/\/mon.uvic.cat\/nitrecerca\/files\/2020\/11\/1.-GreenBuilding-FLyer_Pagina_2-768x384.png 768w, https:\/\/mon.uvic.cat\/nitrecerca\/files\/2020\/11\/1.-GreenBuilding-FLyer_Pagina_2-1024x512.png 1024w, https:\/\/mon.uvic.cat\/nitrecerca\/files\/2020\/11\/1.-GreenBuilding-FLyer_Pagina_2-1536x768.png 1536w, https:\/\/mon.uvic.cat\/nitrecerca\/files\/2020\/11\/1.-GreenBuilding-FLyer_Pagina_2.png 4961w\" sizes=\"(max-width: 4961px) 100vw, 4961px\" \/><\/a>\n\t\t\t<\/dt><\/dl><br style=\"clear: both\" \/>\n\t\t<\/div>\n\n<p><strong><a href=\"http:\/\/mon.uvic.cat\/nitrecerca\/files\/2020\/11\/1.-GreenBuilding-FLyer.pdf\">Flyer pdf<\/a>.<\/strong><\/p>\n<p><strong><a href=\"http:\/\/www.enicbcmed.eu\/sites\/default\/files\/2020-07\/GreenBuilding_Newsletter%20%231.pdf\">Newsletter 1<\/a>.<\/strong><\/p>\n<p><img decoding=\"async\" class=\"alignleft wp-image-931\" src=\"http:\/\/mon.uvic.cat\/nitrecerca\/files\/2020\/11\/ENI_CBC_MED_logo_alfa.png\" alt=\"\" width=\"352\" height=\"140\" srcset=\"https:\/\/mon.uvic.cat\/nitrecerca\/files\/2020\/11\/ENI_CBC_MED_logo_alfa-300x119.png 300w, https:\/\/mon.uvic.cat\/nitrecerca\/files\/2020\/11\/ENI_CBC_MED_logo_alfa-768x306.png 768w, https:\/\/mon.uvic.cat\/nitrecerca\/files\/2020\/11\/ENI_CBC_MED_logo_alfa-1024x408.png 1024w, https:\/\/mon.uvic.cat\/nitrecerca\/files\/2020\/11\/ENI_CBC_MED_logo_alfa.png 1173w\" sizes=\"(max-width: 352px) 100vw, 352px\" \/> <img decoding=\"async\" class=\"wp-image-932 alignnone\" src=\"http:\/\/mon.uvic.cat\/nitrecerca\/files\/2020\/11\/UE_EN_big_alfa.png\" alt=\"\" width=\"141\" height=\"138\" srcset=\"https:\/\/mon.uvic.cat\/nitrecerca\/files\/2020\/11\/UE_EN_big_alfa-60x60.png 60w, https:\/\/mon.uvic.cat\/nitrecerca\/files\/2020\/11\/UE_EN_big_alfa-300x294.png 300w, https:\/\/mon.uvic.cat\/nitrecerca\/files\/2020\/11\/UE_EN_big_alfa.png 425w\" sizes=\"(max-width: 141px) 100vw, 141px\" \/><\/p>\n<p style=\"text-align: right;\"><strong>Xarxes socials:<\/strong><\/p>\n<p><a href=\"https:\/\/www.facebook.com\/ENICBCMed\/?ref=bookmarks\"><img decoding=\"async\" class=\"alignright wp-image-109 size-full\" src=\"http:\/\/mon.uvic.cat\/nitrecerca\/files\/2020\/10\/kisspng-facebook-inc-logo-computer-icons-facebook-messen-5af555fc052f34.7337436815260277720212-e1603710075588.png\" alt=\"\" width=\"50\" height=\"50\" \/><\/a> <a href=\"https:\/\/twitter.com\/ENICBCMed\"><img decoding=\"async\" class=\"alignright wp-image-90 size-full\" src=\"http:\/\/mon.uvic.cat\/nitrecerca\/files\/2020\/10\/twitter-logo-6-e1602843185286.png\" alt=\"\" width=\"61\" height=\"50\" \/><\/a> <a href=\"https:\/\/www.linkedin.com\/in\/enicbcmed\/\"><img decoding=\"async\" class=\"alignright wp-image-106 size-full\" src=\"http:\/\/mon.uvic.cat\/nitrecerca\/files\/2020\/10\/Linkedin-simbolo-e1603709646542.png\" alt=\"\" width=\"51\" height=\"50\" \/><\/a> <a href=\"https:\/\/www.instagram.com\/enicbcmed\/\"><img decoding=\"async\" class=\"alignright wp-image-111 size-full\" src=\"http:\/\/mon.uvic.cat\/nitrecerca\/files\/2020\/10\/instagram-e1603711009226.png\" alt=\"\" width=\"50\" height=\"50\" \/><\/a> <a href=\"https:\/\/www.youtube.com\/channel\/UCOUQr8dBL89XW8feu8eD4QA\"><img decoding=\"async\" class=\"alignright wp-image-91 size-full\" src=\"http:\/\/mon.uvic.cat\/nitrecerca\/files\/2020\/10\/youtube-bona-e1602843206303.jpg\" alt=\"\" width=\"71\" height=\"50\" \/><\/a> <a href=\"http:\/\/www.enicbcmed.eu\/projects\/greenbuilding\"><img decoding=\"async\" class=\"alignright wp-image-84 size-full\" src=\"http:\/\/mon.uvic.cat\/nitrecerca\/files\/2020\/10\/www-e1602843105399.png\" alt=\"\" width=\"50\" height=\"50\" \/><\/a><\/p>\n<\/div><\/div><\/div><\/div><\/div>\n","protected":false},"excerpt":{"rendered":"","protected":false},"author":613,"featured_media":0,"parent":0,"menu_order":0,"comment_status":"closed","ping_status":"closed","template":"","meta":{"footnotes":""},"class_list":["post-2349","page","type-page","status-publish","hentry"],"jetpack_sharing_enabled":true,"_links":{"self":[{"href":"https:\/\/mon.uvic.cat\/nitrecerca\/wp-json\/wp\/v2\/pages\/2349","targetHints":{"allow":["GET"]}}],"collection":[{"href":"https:\/\/mon.uvic.cat\/nitrecerca\/wp-json\/wp\/v2\/pages"}],"about":[{"href":"https:\/\/mon.uvic.cat\/nitrecerca\/wp-json\/wp\/v2\/types\/page"}],"author":[{"embeddable":true,"href":"https:\/\/mon.uvic.cat\/nitrecerca\/wp-json\/wp\/v2\/users\/613"}],"replies":[{"embeddable":true,"href":"https:\/\/mon.uvic.cat\/nitrecerca\/wp-json\/wp\/v2\/comments?post=2349"}],"version-history":[{"count":2,"href":"https:\/\/mon.uvic.cat\/nitrecerca\/wp-json\/wp\/v2\/pages\/2349\/revisions"}],"predecessor-version":[{"id":2603,"href":"https:\/\/mon.uvic.cat\/nitrecerca\/wp-json\/wp\/v2\/pages\/2349\/revisions\/2603"}],"wp:attachment":[{"href":"https:\/\/mon.uvic.cat\/nitrecerca\/wp-json\/wp\/v2\/media?parent=2349"}],"curies":[{"name":"wp","href":"https:\/\/api.w.org\/{rel}","templated":true}]}}