{"id":2337,"date":"2024-05-30T11:39:31","date_gmt":"2024-05-30T09:39:31","guid":{"rendered":"https:\/\/mon.uvic.cat\/nitrecerca\/?page_id=2337"},"modified":"2024-05-30T11:39:31","modified_gmt":"2024-05-30T09:39:31","slug":"ponderful","status":"publish","type":"page","link":"https:\/\/mon.uvic.cat\/nitrecerca\/ponderful\/","title":{"rendered":"PONDERFUL"},"content":{"rendered":"<div class=\"fusion-fullwidth fullwidth-box fusion-builder-row-1 fusion-flex-container nonhundred-percent-fullwidth non-hundred-percent-height-scrolling\" style=\"--awb-border-radius-top-left:0px;--awb-border-radius-top-right:0px;--awb-border-radius-bottom-right:0px;--awb-border-radius-bottom-left:0px;--awb-flex-wrap:wrap;\" ><div class=\"fusion-builder-row fusion-row fusion-flex-align-items-flex-start fusion-flex-content-wrap\" style=\"max-width:1248px;margin-left: calc(-4% \/ 2 );margin-right: calc(-4% \/ 2 );\"><div class=\"fusion-layout-column fusion_builder_column fusion-builder-column-0 fusion_builder_column_1_1 1_1 fusion-flex-column\" style=\"--awb-bg-size:cover;--awb-width-large:100%;--awb-margin-top-large:0px;--awb-spacing-right-large:1.92%;--awb-margin-bottom-large:0px;--awb-spacing-left-large:1.92%;--awb-width-medium:100%;--awb-spacing-right-medium:1.92%;--awb-spacing-left-medium:1.92%;--awb-width-small:100%;--awb-spacing-right-small:1.92%;--awb-spacing-left-small:1.92%;\"><div class=\"fusion-column-wrapper fusion-flex-justify-content-flex-start fusion-content-layout-column\"><div class=\"fusion-text fusion-text-1\"><h3>Qu\u00e8 \u00e9s PONDERFUL?<\/h3>\n<p><a href=\"https:\/\/ponderful.eu\/\"><span data-contrast=\"none\">Ponderful<\/span><\/a><strong><span data-contrast=\"none\">:<\/span><\/strong><span data-contrast=\"none\">\u00a0\"Pond\u00a0Ecosystems\u00a0for\u00a0Resilient\u00a0Future\u00a0Landscapes\u00a0in a\u00a0changing\u00a0Climate\"<\/span><em><span data-contrast=\"none\">,<\/span><\/em><span data-contrast=\"none\">\u00a0est\u00e0 finan\u00e7at pel programa Horitz\u00f3 2020.\u00a0 El projecte comen\u00e7ar\u00e0 l'1 de desembre 2020 i es comptar\u00e0 amb un total de 6.993.407\u20ac per dur-lo a terme en un per\u00edode de temps de quatre anys. El <a href=\"https:\/\/mon.uvic.cat\/aquatic-ecology\/\">Grup de Recerca en Ecologia Aqu\u00e0tica<\/a> lidera el projecte on tamb\u00e9 participen 17 socis internacionals m\u00e9s d'Europa, Turquia i Uruguai. <\/span><span data-ccp-props=\"\">\u00a0<\/span><\/p>\n<p><span data-contrast=\"none\">L'objectiu principal del projecte \u00e9s utilitzar els estanys i llacs somers com a solucions basades en la natura (\"Nature-Based\u00a0Solutions\") que actu\u00efn contra el canvi clim\u00e0tic i que permetin la millor conservaci\u00f3 de la diversitat, els ecosistemes i el benestar de la societat.\u00a0<\/span><span data-ccp-props=\"\">\u00a0<\/span><\/p>\n<p><span data-contrast=\"none\">Aix\u00ed doncs es pret\u00e9n, en primer lloc, quantificar les xarxes d'estanys que poden contribuir a la mitigaci\u00f3 i adaptaci\u00f3 del canvi clim\u00e0tic i poden proporcionar importants serveis a la societat, com \u00e9s la captaci\u00f3 de C0<\/span><span data-contrast=\"none\">2<\/span><span data-contrast=\"none\">. En segon lloc, identificar les possibilitats, la rendibilitat i les barreres a l'hora d'implementar solucions basades en la natura.<\/span><span data-ccp-props=\"\">\u00a0<\/span><\/p>\n<p><img decoding=\"async\" class=\"alignleft wp-image-893\" src=\"http:\/\/mon.uvic.cat\/nitrecerca\/files\/2020\/11\/European-Union.jpg\" alt=\"\" width=\"192\" height=\"104\" srcset=\"https:\/\/mon.uvic.cat\/nitrecerca\/files\/2020\/11\/European-Union-300x162.jpg 300w, https:\/\/mon.uvic.cat\/nitrecerca\/files\/2020\/11\/European-Union-768x415.jpg 768w, https:\/\/mon.uvic.cat\/nitrecerca\/files\/2020\/11\/European-Union.jpg 940w\" sizes=\"(max-width: 192px) 100vw, 192px\" \/><\/p>\n<\/div><\/div><\/div><\/div><\/div>\n","protected":false},"excerpt":{"rendered":"","protected":false},"author":613,"featured_media":0,"parent":0,"menu_order":0,"comment_status":"closed","ping_status":"closed","template":"","meta":{"footnotes":""},"class_list":["post-2337","page","type-page","status-publish","hentry"],"jetpack_sharing_enabled":true,"_links":{"self":[{"href":"https:\/\/mon.uvic.cat\/nitrecerca\/wp-json\/wp\/v2\/pages\/2337","targetHints":{"allow":["GET"]}}],"collection":[{"href":"https:\/\/mon.uvic.cat\/nitrecerca\/wp-json\/wp\/v2\/pages"}],"about":[{"href":"https:\/\/mon.uvic.cat\/nitrecerca\/wp-json\/wp\/v2\/types\/page"}],"author":[{"embeddable":true,"href":"https:\/\/mon.uvic.cat\/nitrecerca\/wp-json\/wp\/v2\/users\/613"}],"replies":[{"embeddable":true,"href":"https:\/\/mon.uvic.cat\/nitrecerca\/wp-json\/wp\/v2\/comments?post=2337"}],"version-history":[{"count":2,"href":"https:\/\/mon.uvic.cat\/nitrecerca\/wp-json\/wp\/v2\/pages\/2337\/revisions"}],"predecessor-version":[{"id":2638,"href":"https:\/\/mon.uvic.cat\/nitrecerca\/wp-json\/wp\/v2\/pages\/2337\/revisions\/2638"}],"wp:attachment":[{"href":"https:\/\/mon.uvic.cat\/nitrecerca\/wp-json\/wp\/v2\/media?parent=2337"}],"curies":[{"name":"wp","href":"https:\/\/api.w.org\/{rel}","templated":true}]}}