{"id":2335,"date":"2024-05-30T11:42:15","date_gmt":"2024-05-30T09:42:15","guid":{"rendered":"https:\/\/mon.uvic.cat\/nitrecerca\/?page_id=2335"},"modified":"2024-05-30T11:42:15","modified_gmt":"2024-05-30T09:42:15","slug":"react","status":"publish","type":"page","link":"https:\/\/mon.uvic.cat\/nitrecerca\/react\/","title":{"rendered":"REACT"},"content":{"rendered":"<div class=\"fusion-fullwidth fullwidth-box fusion-builder-row-1 fusion-flex-container nonhundred-percent-fullwidth non-hundred-percent-height-scrolling\" style=\"--awb-border-radius-top-left:0px;--awb-border-radius-top-right:0px;--awb-border-radius-bottom-right:0px;--awb-border-radius-bottom-left:0px;--awb-flex-wrap:wrap;\" ><div class=\"fusion-builder-row fusion-row fusion-flex-align-items-flex-start fusion-flex-content-wrap\" style=\"max-width:1248px;margin-left: calc(-4% \/ 2 );margin-right: calc(-4% \/ 2 );\"><div class=\"fusion-layout-column fusion_builder_column fusion-builder-column-0 fusion_builder_column_1_1 1_1 fusion-flex-column\" style=\"--awb-bg-size:cover;--awb-width-large:100%;--awb-margin-top-large:0px;--awb-spacing-right-large:1.92%;--awb-margin-bottom-large:0px;--awb-spacing-left-large:1.92%;--awb-width-medium:100%;--awb-spacing-right-medium:1.92%;--awb-spacing-left-medium:1.92%;--awb-width-small:100%;--awb-spacing-right-small:1.92%;--awb-spacing-left-small:1.92%;\"><div class=\"fusion-column-wrapper fusion-flex-justify-content-flex-start fusion-content-layout-column\"><div class=\"fusion-text fusion-text-1\"><h3>Qu\u00e8 \u00e9s REACT?<\/h3>\n<p><a href=\"http:\/\/www.reactnohate.eu\/\">REACT<\/a> significa en angl\u00e8s &#8220;reacciona&#8221;, i \u00e9s tamb\u00e9 l&#8217;acr\u00f2nim de &#8220;Respect and Equality: Acting and Communicating Together&#8221;. projecte coordinat per <a href=\"http:\/\/www.arci.it\/\">Arci<\/a>. \u00c9s un projecte amb la finalitat de combatre el fenomen de la incitaci\u00f3 a l&#8217;odi en l\u00ednia mitjan\u00e7ant els esfor\u00e7os conjunts de 12 associacions de 5 estats europeus diferents &#8211; It\u00e0lia, Espanya, Alemanya, Fran\u00e7a, Regne Unit &#8211; i que est\u00e0 cofinan\u00e7at per la Uni\u00f3 Europea dins de el programa \u201cRights, Equality and Citizenship.<\/p>\n<p>Per part de la UVic-UCC hi ha participat l&#8217;investigador Raul Mart\u00ednez del Grip de Recerca <a href=\"http:\/\/urecerca.uvic.cat\/CawDOS?id=cca4691353e645b3&amp;idioma=ca&amp;tipo=grupo\">Learning, Media &amp; Social Interactions<\/a><a href=\"http:\/\/urecerca.uvic.cat\/CawDOS?id=cca4691353e645b3&amp;idioma=ca&amp;tipo=grupo\" target=\"_blank\" rel=\"noopener noreferrer\"> (LMI).<\/a><\/p>\n<p>El projecte s&#8217;ha dut a terme d&#8217;octubre del 2017 a octubre del 2019.<\/p>\n<h3>Objectius<\/h3>\n<ul>\n<li>Recopilar evid\u00e8ncies qualitatives i quantitatives del discurs d\u2019odi en l\u00ednia i d\u2019exemples efica\u00e7os de les narratives contr\u00e0ries.<\/li>\n<li>Identificar accions positives per fomentar la toler\u00e0ncia, contrarestar el discurs de l&#8217;odi, facilitar la presentaci\u00f3 d&#8217;informes i millorar la transpar\u00e8ncia de la contra-parla i compartir-la entre els actors clau.<\/li>\n<li>Promoure l\u2019alfabetitzaci\u00f3 medi\u00e0tica i difondre la contra-narrativa entre els joves.<\/li>\n<\/ul>\n<h3>Material divulgatiu<\/h3>\n<p><strong>V\u00eddeos<\/strong><\/p>\n<div class=\"video-shortcode\"><iframe title=\"React_Lecco 2\" width=\"1200\" height=\"675\" src=\"https:\/\/www.youtube.com\/embed\/scBCLR9WSek?list=PL4ynyIvSrxQt6uOM4t1qqhxknRohVjg_X\" frameborder=\"0\" allow=\"accelerometer; autoplay; clipboard-write; encrypted-media; gyroscope; picture-in-picture; web-share\" referrerpolicy=\"strict-origin-when-cross-origin\" allowfullscreen><\/iframe><\/div>\n<p>Entrevista a Raul Mart\u00ednez al programa &#8220;Desconeguts,coneguts&#8221; de l&#8217;UDivulga.<br \/>\n<a href=\"https:\/\/www.ivoox.com\/20956958\"><strong>Escolta l&#8217;entrevista.<\/strong><\/a><\/p>\n<p>Manual operativo para actividades educativas referentes a los discursos del odio y a la construcci\u00f3n de una contra-narrativa_SPANISH \u2013 <a href=\"http:\/\/www.reactnohate.eu\/wp-content\/uploads\/2019\/11\/Educational-Toolkit_ES_def.pdf\">DOWNLOAD<\/a><\/p>\n<h3>Partners<\/h3>\n\n\t\t<style type=\"text\/css\">\n\t\t\t#gallery-1 {\n\t\t\t\tmargin: auto;\n\t\t\t}\n\t\t\t#gallery-1 .gallery-item {\n\t\t\t\tfloat: left;\n\t\t\t\tmargin-top: 10px;\n\t\t\t\ttext-align: center;\n\t\t\t\twidth: 25%;\n\t\t\t}\n\t\t\t#gallery-1 img {\n\t\t\t\tborder: 2px solid #cfcfcf;\n\t\t\t}\n\t\t\t#gallery-1 .gallery-caption {\n\t\t\t\tmargin-left: 0;\n\t\t\t}\n\t\t\t\/* see gallery_shortcode() in wp-includes\/media.php *\/\n\t\t<\/style>\n\t\t<div id='gallery-1' class='gallery galleryid-2335 gallery-columns-4 gallery-size-thumbnail'><dl class='gallery-item'>\n\t\t\t<dt class='gallery-icon landscape'>\n\t\t\t\t<a data-rel=\"iLightbox[postimages]\" data-title=\"Schermata-2018-03-02-alle-17.18.39-300&#215;206\" data-caption=\"\" href='https:\/\/mon.uvic.cat\/nitrecerca\/files\/2020\/11\/Schermata-2018-03-02-alle-17.18.39-300x206-1.png'><img decoding=\"async\" width=\"150\" height=\"150\" src=\"https:\/\/mon.uvic.cat\/nitrecerca\/files\/2020\/11\/Schermata-2018-03-02-alle-17.18.39-300x206-1-150x150.png\" class=\"attachment-thumbnail size-thumbnail\" alt=\"\" srcset=\"https:\/\/mon.uvic.cat\/nitrecerca\/files\/2020\/11\/Schermata-2018-03-02-alle-17.18.39-300x206-1-60x60.png 60w, https:\/\/mon.uvic.cat\/nitrecerca\/files\/2020\/11\/Schermata-2018-03-02-alle-17.18.39-300x206-1-150x150.png 150w\" sizes=\"(max-width: 150px) 100vw, 150px\" \/><\/a>\n\t\t\t<\/dt><\/dl><dl class='gallery-item'>\n\t\t\t<dt class='gallery-icon portrait'>\n\t\t\t\t<a data-rel=\"iLightbox[postimages]\" data-title=\"Print\" data-caption=\"\" href='https:\/\/mon.uvic.cat\/nitrecerca\/files\/2020\/11\/Aiksaath185x200.jpg'><img decoding=\"async\" width=\"150\" height=\"150\" src=\"https:\/\/mon.uvic.cat\/nitrecerca\/files\/2020\/11\/Aiksaath185x200-150x150.jpg\" class=\"attachment-thumbnail size-thumbnail\" alt=\"\" srcset=\"https:\/\/mon.uvic.cat\/nitrecerca\/files\/2020\/11\/Aiksaath185x200-60x60.jpg 60w, https:\/\/mon.uvic.cat\/nitrecerca\/files\/2020\/11\/Aiksaath185x200-150x150.jpg 150w\" sizes=\"(max-width: 150px) 100vw, 150px\" \/><\/a>\n\t\t\t<\/dt><\/dl><dl class='gallery-item'>\n\t\t\t<dt class='gallery-icon portrait'>\n\t\t\t\t<a data-rel=\"iLightbox[postimages]\" data-title=\"Awo185x200\" data-caption=\"\" href='https:\/\/mon.uvic.cat\/nitrecerca\/files\/2020\/11\/Awo185x200.jpg'><img decoding=\"async\" width=\"150\" height=\"150\" src=\"https:\/\/mon.uvic.cat\/nitrecerca\/files\/2020\/11\/Awo185x200-150x150.jpg\" class=\"attachment-thumbnail size-thumbnail\" alt=\"\" srcset=\"https:\/\/mon.uvic.cat\/nitrecerca\/files\/2020\/11\/Awo185x200-60x60.jpg 60w, https:\/\/mon.uvic.cat\/nitrecerca\/files\/2020\/11\/Awo185x200-150x150.jpg 150w\" sizes=\"(max-width: 150px) 100vw, 150px\" \/><\/a>\n\t\t\t<\/dt><\/dl><dl class='gallery-item'>\n\t\t\t<dt class='gallery-icon portrait'>\n\t\t\t\t<a data-rel=\"iLightbox[postimages]\" data-title=\"Carta-di-Roma185x200\" data-caption=\"\" href='https:\/\/mon.uvic.cat\/nitrecerca\/files\/2020\/11\/Carta-di-Roma185x200.jpg'><img decoding=\"async\" width=\"150\" height=\"150\" src=\"https:\/\/mon.uvic.cat\/nitrecerca\/files\/2020\/11\/Carta-di-Roma185x200-150x150.jpg\" class=\"attachment-thumbnail size-thumbnail\" alt=\"\" srcset=\"https:\/\/mon.uvic.cat\/nitrecerca\/files\/2020\/11\/Carta-di-Roma185x200-60x60.jpg 60w, https:\/\/mon.uvic.cat\/nitrecerca\/files\/2020\/11\/Carta-di-Roma185x200-150x150.jpg 150w\" sizes=\"(max-width: 150px) 100vw, 150px\" \/><\/a>\n\t\t\t<\/dt><\/dl><br style=\"clear: both\" \/><dl class='gallery-item'>\n\t\t\t<dt class='gallery-icon landscape'>\n\t\t\t\t<a data-rel=\"iLightbox[postimages]\" data-title=\"Cittalia-Fondazione-Anci-PNG-a-COLORI_def-1024&#215;362\" data-caption=\"\" href='https:\/\/mon.uvic.cat\/nitrecerca\/files\/2020\/11\/Cittalia-Fondazione-Anci-PNG-a-COLORI_def-1024x362-1.png'><img decoding=\"async\" width=\"150\" height=\"150\" src=\"https:\/\/mon.uvic.cat\/nitrecerca\/files\/2020\/11\/Cittalia-Fondazione-Anci-PNG-a-COLORI_def-1024x362-1-150x150.png\" class=\"attachment-thumbnail size-thumbnail\" alt=\"\" srcset=\"https:\/\/mon.uvic.cat\/nitrecerca\/files\/2020\/11\/Cittalia-Fondazione-Anci-PNG-a-COLORI_def-1024x362-1-60x60.png 60w, https:\/\/mon.uvic.cat\/nitrecerca\/files\/2020\/11\/Cittalia-Fondazione-Anci-PNG-a-COLORI_def-1024x362-1-150x150.png 150w\" sizes=\"(max-width: 150px) 100vw, 150px\" \/><\/a>\n\t\t\t<\/dt><\/dl><dl class='gallery-item'>\n\t\t\t<dt class='gallery-icon portrait'>\n\t\t\t\t<a data-rel=\"iLightbox[postimages]\" data-title=\"Ligue-de-lenseignement185x200\" data-caption=\"\" href='https:\/\/mon.uvic.cat\/nitrecerca\/files\/2020\/11\/Ligue-de-lenseignement185x200.jpg'><img decoding=\"async\" width=\"150\" height=\"150\" src=\"https:\/\/mon.uvic.cat\/nitrecerca\/files\/2020\/11\/Ligue-de-lenseignement185x200-150x150.jpg\" class=\"attachment-thumbnail size-thumbnail\" alt=\"\" srcset=\"https:\/\/mon.uvic.cat\/nitrecerca\/files\/2020\/11\/Ligue-de-lenseignement185x200-60x60.jpg 60w, https:\/\/mon.uvic.cat\/nitrecerca\/files\/2020\/11\/Ligue-de-lenseignement185x200-150x150.jpg 150w\" sizes=\"(max-width: 150px) 100vw, 150px\" \/><\/a>\n\t\t\t<\/dt><\/dl><dl class='gallery-item'>\n\t\t\t<dt class='gallery-icon portrait'>\n\t\t\t\t<a data-rel=\"iLightbox[postimages]\" data-title=\"Impression\" data-caption=\"\" href='https:\/\/mon.uvic.cat\/nitrecerca\/files\/2020\/11\/LDH185x200.jpg'><img decoding=\"async\" width=\"150\" height=\"150\" src=\"https:\/\/mon.uvic.cat\/nitrecerca\/files\/2020\/11\/LDH185x200-150x150.jpg\" class=\"attachment-thumbnail size-thumbnail\" alt=\"\" srcset=\"https:\/\/mon.uvic.cat\/nitrecerca\/files\/2020\/11\/LDH185x200-60x60.jpg 60w, https:\/\/mon.uvic.cat\/nitrecerca\/files\/2020\/11\/LDH185x200-150x150.jpg 150w\" sizes=\"(max-width: 150px) 100vw, 150px\" \/><\/a>\n\t\t\t<\/dt><\/dl><dl class='gallery-item'>\n\t\t\t<dt class='gallery-icon portrait'>\n\t\t\t\t<a data-rel=\"iLightbox[postimages]\" data-title=\"ROTA_CMYK\" data-caption=\"\" href='https:\/\/mon.uvic.cat\/nitrecerca\/files\/2020\/11\/Rota185x200.jpg'><img decoding=\"async\" width=\"150\" height=\"150\" src=\"https:\/\/mon.uvic.cat\/nitrecerca\/files\/2020\/11\/Rota185x200-150x150.jpg\" class=\"attachment-thumbnail size-thumbnail\" alt=\"\" srcset=\"https:\/\/mon.uvic.cat\/nitrecerca\/files\/2020\/11\/Rota185x200-60x60.jpg 60w, https:\/\/mon.uvic.cat\/nitrecerca\/files\/2020\/11\/Rota185x200-150x150.jpg 150w\" sizes=\"(max-width: 150px) 100vw, 150px\" \/><\/a>\n\t\t\t<\/dt><\/dl><br style=\"clear: both\" \/><dl class='gallery-item'>\n\t\t\t<dt class='gallery-icon portrait'>\n\t\t\t\t<a data-rel=\"iLightbox[postimages]\" data-title=\"SOS-razzismo185x200-no6fbtbfr9z5h31hsdj6zfvzmydemycpovs64tunls\" data-caption=\"\" href='https:\/\/mon.uvic.cat\/nitrecerca\/files\/2020\/11\/SOS-razzismo185x200-no6fbtbfr9z5h31hsdj6zfvzmydemycpovs64tunls.jpg'><img decoding=\"async\" width=\"150\" height=\"150\" src=\"https:\/\/mon.uvic.cat\/nitrecerca\/files\/2020\/11\/SOS-razzismo185x200-no6fbtbfr9z5h31hsdj6zfvzmydemycpovs64tunls-150x150.jpg\" class=\"attachment-thumbnail size-thumbnail\" alt=\"\" srcset=\"https:\/\/mon.uvic.cat\/nitrecerca\/files\/2020\/11\/SOS-razzismo185x200-no6fbtbfr9z5h31hsdj6zfvzmydemycpovs64tunls-60x60.jpg 60w, https:\/\/mon.uvic.cat\/nitrecerca\/files\/2020\/11\/SOS-razzismo185x200-no6fbtbfr9z5h31hsdj6zfvzmydemycpovs64tunls-150x150.jpg 150w\" sizes=\"(max-width: 150px) 100vw, 150px\" \/><\/a>\n\t\t\t<\/dt><\/dl><dl class='gallery-item'>\n\t\t\t<dt class='gallery-icon landscape'>\n\t\t\t\t<a data-rel=\"iLightbox[postimages]\" data-title=\"Print\" data-caption=\"\" href='https:\/\/mon.uvic.cat\/nitrecerca\/files\/2020\/11\/image1.jpeg'><img decoding=\"async\" width=\"150\" height=\"150\" src=\"https:\/\/mon.uvic.cat\/nitrecerca\/files\/2020\/11\/image1-150x150.jpeg\" class=\"attachment-thumbnail size-thumbnail\" alt=\"\" srcset=\"https:\/\/mon.uvic.cat\/nitrecerca\/files\/2020\/11\/image1-60x60.jpeg 60w, https:\/\/mon.uvic.cat\/nitrecerca\/files\/2020\/11\/image1-150x150.jpeg 150w\" sizes=\"(max-width: 150px) 100vw, 150px\" \/><\/a>\n\t\t\t<\/dt><\/dl><dl class='gallery-item'>\n\t\t\t<dt class='gallery-icon portrait'>\n\t\t\t\t<a data-rel=\"iLightbox[postimages]\" data-title=\"Universitat-de-Barcelona185x200\" data-caption=\"\" href='https:\/\/mon.uvic.cat\/nitrecerca\/files\/2020\/11\/Universitat-de-Barcelona185x200.jpg'><img decoding=\"async\" width=\"150\" height=\"150\" src=\"https:\/\/mon.uvic.cat\/nitrecerca\/files\/2020\/11\/Universitat-de-Barcelona185x200-150x150.jpg\" class=\"attachment-thumbnail size-thumbnail\" alt=\"\" srcset=\"https:\/\/mon.uvic.cat\/nitrecerca\/files\/2020\/11\/Universitat-de-Barcelona185x200-60x60.jpg 60w, https:\/\/mon.uvic.cat\/nitrecerca\/files\/2020\/11\/Universitat-de-Barcelona185x200-150x150.jpg 150w\" sizes=\"(max-width: 150px) 100vw, 150px\" \/><\/a>\n\t\t\t<\/dt><\/dl><dl class='gallery-item'>\n\t\t\t<dt class='gallery-icon portrait'>\n\t\t\t\t<a data-rel=\"iLightbox[postimages]\" data-title=\"Uvic185x200\" data-caption=\"\" href='https:\/\/mon.uvic.cat\/nitrecerca\/files\/2020\/11\/Uvic185x200.jpg'><img decoding=\"async\" width=\"150\" height=\"150\" src=\"https:\/\/mon.uvic.cat\/nitrecerca\/files\/2020\/11\/Uvic185x200-150x150.jpg\" class=\"attachment-thumbnail size-thumbnail\" alt=\"\" srcset=\"https:\/\/mon.uvic.cat\/nitrecerca\/files\/2020\/11\/Uvic185x200-60x60.jpg 60w, https:\/\/mon.uvic.cat\/nitrecerca\/files\/2020\/11\/Uvic185x200-150x150.jpg 150w\" sizes=\"(max-width: 150px) 100vw, 150px\" \/><\/a>\n\t\t\t<\/dt><\/dl><br style=\"clear: both\" \/>\n\t\t<\/div>\n\n<p><img decoding=\"async\" class=\"size-full wp-image-978 alignnone\" src=\"http:\/\/mon.uvic.cat\/nitrecerca\/files\/2020\/11\/Screenshot_2020-11-21-Financial-support-\u2013-REACT.png\" alt=\"\" width=\"1089\" height=\"136\" srcset=\"https:\/\/mon.uvic.cat\/nitrecerca\/files\/2020\/11\/Screenshot_2020-11-21-Financial-support-\u2013-REACT-300x37.png 300w, https:\/\/mon.uvic.cat\/nitrecerca\/files\/2020\/11\/Screenshot_2020-11-21-Financial-support-\u2013-REACT-768x96.png 768w, https:\/\/mon.uvic.cat\/nitrecerca\/files\/2020\/11\/Screenshot_2020-11-21-Financial-support-\u2013-REACT-1024x128.png 1024w, https:\/\/mon.uvic.cat\/nitrecerca\/files\/2020\/11\/Screenshot_2020-11-21-Financial-support-\u2013-REACT.png 1089w\" sizes=\"(max-width: 1089px) 100vw, 1089px\" \/><\/p>\n<p style=\"text-align: right;\"><strong>Xarxes socials:<\/strong><\/p>\n<p><a href=\"https:\/\/www.facebook.com\/ReactNoHate\/?modal=admin_todo_tour\"><img decoding=\"async\" class=\"alignright wp-image-109 size-full\" src=\"http:\/\/mon.uvic.cat\/nitrecerca\/files\/2020\/10\/kisspng-facebook-inc-logo-computer-icons-facebook-messen-5af555fc052f34.7337436815260277720212-e1603710075588.png\" alt=\"\" width=\"50\" height=\"50\" \/><\/a> <a href=\"https:\/\/twitter.com\/ReactNoHate\"><img decoding=\"async\" class=\"alignright wp-image-90 size-full\" src=\"http:\/\/mon.uvic.cat\/nitrecerca\/files\/2020\/10\/twitter-logo-6-e1602843185286.png\" alt=\"\" width=\"61\" height=\"50\" \/><\/a> <a href=\"https:\/\/www.instagram.com\/reactnohate\/\"><img decoding=\"async\" class=\"alignright wp-image-111 size-full\" src=\"http:\/\/mon.uvic.cat\/nitrecerca\/files\/2020\/10\/instagram-e1603711009226.png\" alt=\"\" width=\"50\" height=\"50\" \/><\/a> <a href=\"https:\/\/www.youtube.com\/channel\/UCAclFoOpQ7W_iuiX5rhwZnA\/videos?view=0&amp;sort=dd&amp;shelf_id=0&amp;view_as=subscriber\"><img decoding=\"async\" class=\"alignright wp-image-91 size-full\" src=\"http:\/\/mon.uvic.cat\/nitrecerca\/files\/2020\/10\/youtube-bona-e1602843206303.jpg\" alt=\"\" width=\"71\" height=\"50\" \/><\/a> <a href=\"http:\/\/www.reactnohate.eu\/\"><img decoding=\"async\" class=\"alignright wp-image-84 size-full\" src=\"http:\/\/mon.uvic.cat\/nitrecerca\/files\/2020\/10\/www-e1602843105399.png\" alt=\"\" width=\"50\" height=\"50\" \/><\/a><\/p>\n<\/div><\/div><\/div><\/div><\/div>\n","protected":false},"excerpt":{"rendered":"","protected":false},"author":613,"featured_media":0,"parent":0,"menu_order":0,"comment_status":"closed","ping_status":"closed","template":"","meta":{"footnotes":""},"class_list":["post-2335","page","type-page","status-publish","hentry"],"jetpack_sharing_enabled":true,"_links":{"self":[{"href":"https:\/\/mon.uvic.cat\/nitrecerca\/wp-json\/wp\/v2\/pages\/2335","targetHints":{"allow":["GET"]}}],"collection":[{"href":"https:\/\/mon.uvic.cat\/nitrecerca\/wp-json\/wp\/v2\/pages"}],"about":[{"href":"https:\/\/mon.uvic.cat\/nitrecerca\/wp-json\/wp\/v2\/types\/page"}],"author":[{"embeddable":true,"href":"https:\/\/mon.uvic.cat\/nitrecerca\/wp-json\/wp\/v2\/users\/613"}],"replies":[{"embeddable":true,"href":"https:\/\/mon.uvic.cat\/nitrecerca\/wp-json\/wp\/v2\/comments?post=2335"}],"version-history":[{"count":2,"href":"https:\/\/mon.uvic.cat\/nitrecerca\/wp-json\/wp\/v2\/pages\/2335\/revisions"}],"predecessor-version":[{"id":2642,"href":"https:\/\/mon.uvic.cat\/nitrecerca\/wp-json\/wp\/v2\/pages\/2335\/revisions\/2642"}],"wp:attachment":[{"href":"https:\/\/mon.uvic.cat\/nitrecerca\/wp-json\/wp\/v2\/media?parent=2335"}],"curies":[{"name":"wp","href":"https:\/\/api.w.org\/{rel}","templated":true}]}}