{"id":2331,"date":"2024-05-30T11:45:23","date_gmt":"2024-05-30T09:45:23","guid":{"rendered":"https:\/\/mon.uvic.cat\/nitrecerca\/?page_id=2331"},"modified":"2024-05-30T11:45:23","modified_gmt":"2024-05-30T09:45:23","slug":"rene","status":"publish","type":"page","link":"https:\/\/mon.uvic.cat\/nitrecerca\/rene\/","title":{"rendered":"RENE"},"content":{"rendered":"<div class=\"fusion-fullwidth fullwidth-box fusion-builder-row-1 fusion-flex-container nonhundred-percent-fullwidth non-hundred-percent-height-scrolling\" style=\"--awb-border-radius-top-left:0px;--awb-border-radius-top-right:0px;--awb-border-radius-bottom-right:0px;--awb-border-radius-bottom-left:0px;--awb-flex-wrap:wrap;\" ><div class=\"fusion-builder-row fusion-row fusion-flex-align-items-flex-start fusion-flex-content-wrap\" style=\"max-width:1248px;margin-left: calc(-4% \/ 2 );margin-right: calc(-4% \/ 2 );\"><div class=\"fusion-layout-column fusion_builder_column fusion-builder-column-0 fusion_builder_column_1_1 1_1 fusion-flex-column\" style=\"--awb-bg-size:cover;--awb-width-large:100%;--awb-margin-top-large:0px;--awb-spacing-right-large:1.92%;--awb-margin-bottom-large:0px;--awb-spacing-left-large:1.92%;--awb-width-medium:100%;--awb-spacing-right-medium:1.92%;--awb-spacing-left-medium:1.92%;--awb-width-small:100%;--awb-spacing-right-small:1.92%;--awb-spacing-left-small:1.92%;\"><div class=\"fusion-column-wrapper fusion-flex-justify-content-flex-start fusion-content-layout-column\"><div class=\"fusion-text fusion-text-1\"><h3>Qu\u00e8 \u00e9s RENE?<\/h3>\n<p><a href=\"https:\/\/sisu.ut.ee\/rene\/avaleht\">RENE<\/a>, &#8220;Renewing Ergonomic Education for Health Care Students in European HEIs&#8221; est\u00e0 dissenyat per millorar i unificar el pacient que maneja l&#8217;educaci\u00f3 en el sector de la salut. Es tracta d\u2019un projecte de tres anys, fins al 2022, finan\u00e7at per un Erasmus + KA Strategic Partnership per a educaci\u00f3 superior, amb la participaci\u00f3 de 8 organitzacions diferents de 6 pa\u00efsos (Finl\u00e0ndia, Eslov\u00e8nia, Litu\u00e0nia, Est\u00f2nia, Portugal i Espanya).<\/p>\n<p>Segons estad\u00edstiques nacionals i internacionals, el personal sanitari t\u00e9 un risc molt alt de trastorns musculoesquel\u00e8tics, derivat principalment de males pr\u00e0ctiques manuals de manipulaci\u00f3 de pacients. L\u2019objectiu principal \u00e9s millorar l\u2019educaci\u00f3 del personal sanitari sobre la manipulaci\u00f3 dels pacients. El projecte tindr\u00e0 3 resultats. En primer lloc, s\u2019analitzaran les condicions existents a cada pa\u00eds, com ara q\u00fcestions legals, curr\u00edculum formal en titulacions d\u2019infermeria i fisioter\u00e0pia, pr\u00e0ctiques quotidianes, etc. amb dues parts, una te\u00f2rica i una altra pr\u00e0ctica. El tercer ser\u00e0 un manual espec\u00edfic per als professors per tal de facilitar la implementaci\u00f3 del curs.<\/p>\n<p>Per part de la UVic-UCC, l\u2019equip de recerca est\u00e0 format per investigadors\/es del Grup de Recerca <a href=\"http:\/\/urecerca.uvic.cat\/CawDOS?id=acfd365295014c18&amp;idioma=ca&amp;tipo=grupo\" target=\"_blank\" rel=\"noopener noreferrer\">Methodology, Methods, Models and Health and Social Outcomes (M3O)<\/a>: Eduard Minobes, Judit Rusinyol, Emilia Chirveches, Montse Romero, Mireia Datsira i Javier Jerez, l\u2019\u00faltim com a IP.<\/p>\n<p>El projecte va comen\u00e7ar el setembre de 2019 i finalitzar\u00e0 l&#8217;agost del 2022.<\/p>\n<p><img decoding=\"async\" class=\"alignleft wp-image-839\" src=\"http:\/\/mon.uvic.cat\/nitrecerca\/files\/2020\/11\/cropped-cofunded-erasmus-right_en_0.jpg\" alt=\"\" width=\"545\" height=\"152\" srcset=\"https:\/\/mon.uvic.cat\/nitrecerca\/files\/2020\/11\/cropped-cofunded-erasmus-right_en_0-300x84.jpg 300w, https:\/\/mon.uvic.cat\/nitrecerca\/files\/2020\/11\/cropped-cofunded-erasmus-right_en_0-768x214.jpg 768w, https:\/\/mon.uvic.cat\/nitrecerca\/files\/2020\/11\/cropped-cofunded-erasmus-right_en_0.jpg 836w\" sizes=\"(max-width: 545px) 100vw, 545px\" \/><\/p>\n<\/div><\/div><\/div><\/div><\/div>\n","protected":false},"excerpt":{"rendered":"","protected":false},"author":613,"featured_media":0,"parent":0,"menu_order":0,"comment_status":"closed","ping_status":"closed","template":"","meta":{"footnotes":""},"class_list":["post-2331","page","type-page","status-publish","hentry"],"jetpack_sharing_enabled":true,"_links":{"self":[{"href":"https:\/\/mon.uvic.cat\/nitrecerca\/wp-json\/wp\/v2\/pages\/2331","targetHints":{"allow":["GET"]}}],"collection":[{"href":"https:\/\/mon.uvic.cat\/nitrecerca\/wp-json\/wp\/v2\/pages"}],"about":[{"href":"https:\/\/mon.uvic.cat\/nitrecerca\/wp-json\/wp\/v2\/types\/page"}],"author":[{"embeddable":true,"href":"https:\/\/mon.uvic.cat\/nitrecerca\/wp-json\/wp\/v2\/users\/613"}],"replies":[{"embeddable":true,"href":"https:\/\/mon.uvic.cat\/nitrecerca\/wp-json\/wp\/v2\/comments?post=2331"}],"version-history":[{"count":2,"href":"https:\/\/mon.uvic.cat\/nitrecerca\/wp-json\/wp\/v2\/pages\/2331\/revisions"}],"predecessor-version":[{"id":2647,"href":"https:\/\/mon.uvic.cat\/nitrecerca\/wp-json\/wp\/v2\/pages\/2331\/revisions\/2647"}],"wp:attachment":[{"href":"https:\/\/mon.uvic.cat\/nitrecerca\/wp-json\/wp\/v2\/media?parent=2331"}],"curies":[{"name":"wp","href":"https:\/\/api.w.org\/{rel}","templated":true}]}}