{"id":2263,"date":"2024-05-30T11:09:46","date_gmt":"2024-05-30T09:09:46","guid":{"rendered":"https:\/\/mon.uvic.cat\/nitrecerca\/?page_id=2263"},"modified":"2024-05-30T11:09:46","modified_gmt":"2024-05-30T09:09:46","slug":"estudi-observacional-relacio-entre-la-composicio-i-la-funcionalitat-in-vitro-del-plasma-ric-en-plaquetes-autoleg-i-levolucio-de-ferides-croniques-tractades-amb-aquesta-terapia","status":"publish","type":"page","link":"https:\/\/mon.uvic.cat\/nitrecerca\/estudi-observacional-relacio-entre-la-composicio-i-la-funcionalitat-in-vitro-del-plasma-ric-en-plaquetes-autoleg-i-levolucio-de-ferides-croniques-tractades-amb-aquesta-terapia\/","title":{"rendered":"Estudi observacional: relaci\u00f3 entre la composici\u00f3 i la funcionalitat in vitro del plasma ric en plaquetes aut\u00f2leg i l&#8217;evoluci\u00f3 de ferides cr\u00f2niques tractades amb aquesta ter\u00e0pia"},"content":{"rendered":"<h3>Descripci\u00f3 del projecte<\/h3>\n<p>Les ferides cr\u00f2niques complexes en la poblaci\u00f3 anciana amb amb morbiditats associades continuen augmentant. Existeixen evid\u00e8ncies que la ter\u00e0pia amb plasma ric en plaquetes (*PRP) aut\u00f2leg redueix el temps de curaci\u00f3 de ferides cr\u00f2niques, especialment les diab\u00e8tiques. El *PRP cont\u00e9 factors que activen processos clau de la curaci\u00f3: angiog\u00e8nesis, mobilitat de fibroblasts i proliferaci\u00f3 de queratinocits. No obstant aix\u00f2, hi ha pocs estudis que relacionin la composici\u00f3 i funcionalitat biol\u00f2gica del *PRP, amb el resultat cl\u00ednic de la ter\u00e0pia.<\/p>\n<p>Objectius: aquest estudi busca precisar el grau d&#8217;efectivitat del *PRP aut\u00f2leg, segons la seva composici\u00f3. Per a aix\u00f2 es correlacionar\u00e0 la composici\u00f3 i funcionalitat del *PRP in vitro, les caracter\u00edstiques f\u00edsiques de les ferides, i les dades cl\u00edniques dels pacients, amb l&#8217;evoluci\u00f3 i el temps de curaci\u00f3 de les ferides tractades en una unitat cl\u00ednica de ferides (*UCH).<\/p>\n<p>Metodologia: estudi observacional prospectiu en pacients que inici\u00efn ter\u00e0pia amb *PRP en una *UCH. Determinaci\u00f3 de la composici\u00f3 de *PRP per t\u00e8cniques prote\u00f2miques. Assaig de funcionalitat del *PRP en models cel\u00b7lulars de angiog\u00e8nesis, migraci\u00f3 i proliferaci\u00f3. Monitoratge de l&#8217;evoluci\u00f3 de les caracter\u00edstiques de les ferides mitjan\u00e7ant registre de morfometria i aspecte tissular, i de variables cl\u00edniques i sociodemogr\u00e0fiques dels pacients. An\u00e0lisi estad\u00edstica descriptiva, bivariant i multivariant.<\/p>\n<p>Resultats esperats: comprendre millor els mecanismes biol\u00f2gics implicats en el proc\u00e9s de curaci\u00f3 i identificar patrons amb valor pron\u00f2stic d&#8217;evoluci\u00f3 de la ferida que ser\u00e0 de gran utilitat en la presa de decisions cl\u00edniques en l&#8217;\u00fas de la ter\u00e0pia amb *PRP en poblaci\u00f3 d&#8217;edat avan\u00e7ada.<\/p>\n<hr \/>\n<p>Projecte coordinat Marta Otero, coordinadira del grup de recerca <a href=\"http:\/\/urecerca.uvic.cat\/CawDOS?id=77355e621725ff8c&amp;idioma=ca&amp;tipo=grupo\">Reparaci\u00f3 i Regeneraci\u00f3 Tissular (TR2Lab).<\/a><\/p>\n<p>Projecte cofinan\u00e7at pel Instituto de Salud Carlos III i per la Uni\u00f3 Europea a trav\u00e9s del Fons Europeu de Desenvolupament Regional (FEDER)<\/p>\n<p><img decoding=\"async\" class=\"alignleft wp-image-1081\" src=\"http:\/\/mon.uvic.cat\/nitrecerca\/files\/2020\/11\/logo-4.png\" alt=\"\" width=\"567\" height=\"341\" srcset=\"https:\/\/mon.uvic.cat\/nitrecerca\/files\/2020\/11\/logo-4-300x180.png 300w, https:\/\/mon.uvic.cat\/nitrecerca\/files\/2020\/11\/logo-4-768x462.png 768w, https:\/\/mon.uvic.cat\/nitrecerca\/files\/2020\/11\/logo-4.png 798w\" sizes=\"(max-width: 567px) 100vw, 567px\" \/><\/p>\n<p>&nbsp;<\/p>\n<p>&nbsp;<\/p>\n","protected":false},"excerpt":{"rendered":"<p>Descripci\u00f3 del projecte Les ferides cr\u00f2niques complexes en la poblaci\u00f3  [&#8230;]<\/p>\n","protected":false},"author":613,"featured_media":0,"parent":0,"menu_order":0,"comment_status":"closed","ping_status":"closed","template":"","meta":{"footnotes":""},"class_list":["post-2263","page","type-page","status-publish","hentry"],"jetpack_sharing_enabled":true,"_links":{"self":[{"href":"https:\/\/mon.uvic.cat\/nitrecerca\/wp-json\/wp\/v2\/pages\/2263","targetHints":{"allow":["GET"]}}],"collection":[{"href":"https:\/\/mon.uvic.cat\/nitrecerca\/wp-json\/wp\/v2\/pages"}],"about":[{"href":"https:\/\/mon.uvic.cat\/nitrecerca\/wp-json\/wp\/v2\/types\/page"}],"author":[{"embeddable":true,"href":"https:\/\/mon.uvic.cat\/nitrecerca\/wp-json\/wp\/v2\/users\/613"}],"replies":[{"embeddable":true,"href":"https:\/\/mon.uvic.cat\/nitrecerca\/wp-json\/wp\/v2\/comments?post=2263"}],"version-history":[{"count":1,"href":"https:\/\/mon.uvic.cat\/nitrecerca\/wp-json\/wp\/v2\/pages\/2263\/revisions"}],"predecessor-version":[{"id":2264,"href":"https:\/\/mon.uvic.cat\/nitrecerca\/wp-json\/wp\/v2\/pages\/2263\/revisions\/2264"}],"wp:attachment":[{"href":"https:\/\/mon.uvic.cat\/nitrecerca\/wp-json\/wp\/v2\/media?parent=2263"}],"curies":[{"name":"wp","href":"https:\/\/api.w.org\/{rel}","templated":true}]}}