{"id":2249,"date":"2024-05-30T11:53:30","date_gmt":"2024-05-30T09:53:30","guid":{"rendered":"https:\/\/mon.uvic.cat\/nitrecerca\/?page_id=2249"},"modified":"2024-05-30T11:53:30","modified_gmt":"2024-05-30T09:53:30","slug":"sonar","status":"publish","type":"page","link":"https:\/\/mon.uvic.cat\/nitrecerca\/sonar\/","title":{"rendered":"SONAR"},"content":{"rendered":"<div class=\"fusion-fullwidth fullwidth-box fusion-builder-row-1 fusion-flex-container nonhundred-percent-fullwidth non-hundred-percent-height-scrolling\" style=\"--awb-border-radius-top-left:0px;--awb-border-radius-top-right:0px;--awb-border-radius-bottom-right:0px;--awb-border-radius-bottom-left:0px;--awb-flex-wrap:wrap;\" ><div class=\"fusion-builder-row fusion-row fusion-flex-align-items-flex-start fusion-flex-content-wrap\" style=\"max-width:1248px;margin-left: calc(-4% \/ 2 );margin-right: calc(-4% \/ 2 );\"><div class=\"fusion-layout-column fusion_builder_column fusion-builder-column-0 fusion_builder_column_1_1 1_1 fusion-flex-column\" style=\"--awb-bg-size:cover;--awb-width-large:100%;--awb-margin-top-large:0px;--awb-spacing-right-large:1.92%;--awb-margin-bottom-large:0px;--awb-spacing-left-large:1.92%;--awb-width-medium:100%;--awb-spacing-right-medium:1.92%;--awb-spacing-left-medium:1.92%;--awb-width-small:100%;--awb-spacing-right-small:1.92%;--awb-spacing-left-small:1.92%;\"><div class=\"fusion-column-wrapper fusion-flex-justify-content-flex-start fusion-content-layout-column\"><div class=\"fusion-text fusion-text-1\"><h3>Qu\u00e8 \u00e9s SONAR?<\/h3>\n<p>El\u00a0 projecte &#8220;Stop children and youth injuries with a particular focus on female athletes (SONAR)&#8221; \u00e9s un projecte Erasmus + finan\u00e7at per la Uni\u00f3 Europea pensat per contribuir a fer les pr\u00e0ctiques esportives d\u2019infants i joves de Catalunya m\u00e9s segures i saludables. Amb aquest projecte es proporcionar\u00e0, a tots els agents implicats en la formaci\u00f3 esportiva, informaci\u00f3 vital per poder establir estrat\u00e8gies de prevenci\u00f3 de lesions a mida, fent-les m\u00e9s eficients i exitoses.<\/p>\n<p>El projecte t\u00e9 com a objectius proporcionar als agents de l\u2019esport formaci\u00f3 mitjan\u00e7ant una eina multim\u00e8dia que de forma senzilla permeti monitoritzar les lesions esportives i esdevenir un repositori catal\u00e0 de dades sobre lesions esportives en edats pedi\u00e0triques, infantils i juvenils. El SONAR tamb\u00e9 vol fer funcions d\u2019observatori de les lesions esportives que es produeixen en l\u2019esport de formaci\u00f3, proporcionant informes m\u00e8dics que analitzin l\u2019abast de la problem\u00e0tica i, al mateix temps, ser un recurs de divulgaci\u00f3 de bones pr\u00e0ctiques per preservar la salut dels i de les joves esportistes de Catalunya.<\/p>\n<p>Aix\u00ed, el projecte vol fer d\u2019altaveu de bones iniciatives en l\u2019\u00e0mbit de la prevenci\u00f3 de lesions en joves esportistes, divulgant nou coneixement cient\u00edfic, informacions rellevants i consells que puguin ajudar no nom\u00e9s a entrenadors i entrenadores sin\u00f3 tamb\u00e9 a esportistes, mares i pares.<\/p>\n<p><a href=\"https:\/\/sonarinjuries.eu\/\">Web del projecte.<\/a><\/p>\n<\/div><\/div><\/div><\/div><\/div>\n","protected":false},"excerpt":{"rendered":"","protected":false},"author":613,"featured_media":0,"parent":0,"menu_order":0,"comment_status":"closed","ping_status":"closed","template":"","meta":{"footnotes":""},"class_list":["post-2249","page","type-page","status-publish","hentry"],"jetpack_sharing_enabled":true,"_links":{"self":[{"href":"https:\/\/mon.uvic.cat\/nitrecerca\/wp-json\/wp\/v2\/pages\/2249","targetHints":{"allow":["GET"]}}],"collection":[{"href":"https:\/\/mon.uvic.cat\/nitrecerca\/wp-json\/wp\/v2\/pages"}],"about":[{"href":"https:\/\/mon.uvic.cat\/nitrecerca\/wp-json\/wp\/v2\/types\/page"}],"author":[{"embeddable":true,"href":"https:\/\/mon.uvic.cat\/nitrecerca\/wp-json\/wp\/v2\/users\/613"}],"replies":[{"embeddable":true,"href":"https:\/\/mon.uvic.cat\/nitrecerca\/wp-json\/wp\/v2\/comments?post=2249"}],"version-history":[{"count":2,"href":"https:\/\/mon.uvic.cat\/nitrecerca\/wp-json\/wp\/v2\/pages\/2249\/revisions"}],"predecessor-version":[{"id":2659,"href":"https:\/\/mon.uvic.cat\/nitrecerca\/wp-json\/wp\/v2\/pages\/2249\/revisions\/2659"}],"wp:attachment":[{"href":"https:\/\/mon.uvic.cat\/nitrecerca\/wp-json\/wp\/v2\/media?parent=2249"}],"curies":[{"name":"wp","href":"https:\/\/api.w.org\/{rel}","templated":true}]}}