{"id":2241,"date":"2024-05-30T11:20:36","date_gmt":"2024-05-30T09:20:36","guid":{"rendered":"https:\/\/mon.uvic.cat\/nitrecerca\/?page_id=2241"},"modified":"2024-08-30T13:18:02","modified_gmt":"2024-08-30T11:18:02","slug":"innocvt","status":"publish","type":"page","link":"https:\/\/mon.uvic.cat\/nitrecerca\/innocvt\/","title":{"rendered":"INNOCVT"},"content":{"rendered":"<div class=\"fusion-fullwidth fullwidth-box fusion-builder-row-1 fusion-flex-container nonhundred-percent-fullwidth non-hundred-percent-height-scrolling\" style=\"--awb-border-radius-top-left:0px;--awb-border-radius-top-right:0px;--awb-border-radius-bottom-right:0px;--awb-border-radius-bottom-left:0px;--awb-flex-wrap:wrap;\" ><div class=\"fusion-builder-row fusion-row fusion-flex-align-items-flex-start fusion-flex-content-wrap\" style=\"max-width:1248px;margin-left: calc(-4% \/ 2 );margin-right: calc(-4% \/ 2 );\"><div class=\"fusion-layout-column fusion_builder_column fusion-builder-column-0 fusion_builder_column_1_1 1_1 fusion-flex-column\" style=\"--awb-bg-size:cover;--awb-width-large:100%;--awb-margin-top-large:0px;--awb-spacing-right-large:1.92%;--awb-margin-bottom-large:0px;--awb-spacing-left-large:1.92%;--awb-width-medium:100%;--awb-spacing-right-medium:1.92%;--awb-spacing-left-medium:1.92%;--awb-width-small:100%;--awb-spacing-right-small:1.92%;--awb-spacing-left-small:1.92%;\"><div class=\"fusion-column-wrapper fusion-flex-justify-content-flex-start fusion-content-layout-column\"><div class=\"fusion-text fusion-text-1\"><h3><a href=\"http:\/\/mon.uvic.cat\/nitrecerca\/files\/2024\/08\/LOGO.jpeg.jpg\"><img decoding=\"async\" class=\" wp-image-2886 alignleft\" src=\"http:\/\/mon.uvic.cat\/nitrecerca\/files\/2024\/08\/LOGO.jpeg.jpg\" alt=\"\" width=\"311\" height=\"311\" \/><\/a>Qu\u00e8 \u00e9s INNOCVT Physical Education of Elders?<\/h3>\n<p>El projecte Erasmus+ &#8220;Innovation and dynamic learning for caregivers, social workers and trainers specialized in physical education of elders, through cross sectoral approach of both CVT fields &#8211; INNOCVT&#8221; t\u00e9 com a objectiu\u00a0 augmentar l&#8217;\u00fas d&#8217;eines digitals en el proc\u00e9s d&#8217;aprenentatge de 5 organitzacions d&#8217;assist\u00e8ncia social i cinetoprofilaxis a Romania, Bulg\u00e0ria, It\u00e0lia i Espanya; augmentar els coneixements de 13 formadors en assist\u00e8ncia social dels 4 pa\u00efsos sobre envelliment actiu i t\u00e8cniques concretes per a millorar el benestar dels majors; augmentar les compet\u00e8ncies en assist\u00e8ncia a majors i cinetoprofilaxis de 34 alumnes i professionals de 5 organitzacions s\u00f2cies; i augmentar el grau d&#8217;atractiu de la formaci\u00f3 en assist\u00e8ncia social en 4 pa\u00efsos.<\/p>\n<p><a href=\"https:\/\/mon.uvic.cat\/m3o\/convotraining-project\/\">+ informaci\u00f3 sobre el projecte<\/a><\/p>\n<\/div><\/div><\/div><\/div><\/div>\n","protected":false},"excerpt":{"rendered":"","protected":false},"author":613,"featured_media":0,"parent":0,"menu_order":0,"comment_status":"closed","ping_status":"closed","template":"","meta":{"footnotes":""},"class_list":["post-2241","page","type-page","status-publish","hentry"],"jetpack_sharing_enabled":true,"_links":{"self":[{"href":"https:\/\/mon.uvic.cat\/nitrecerca\/wp-json\/wp\/v2\/pages\/2241","targetHints":{"allow":["GET"]}}],"collection":[{"href":"https:\/\/mon.uvic.cat\/nitrecerca\/wp-json\/wp\/v2\/pages"}],"about":[{"href":"https:\/\/mon.uvic.cat\/nitrecerca\/wp-json\/wp\/v2\/types\/page"}],"author":[{"embeddable":true,"href":"https:\/\/mon.uvic.cat\/nitrecerca\/wp-json\/wp\/v2\/users\/613"}],"replies":[{"embeddable":true,"href":"https:\/\/mon.uvic.cat\/nitrecerca\/wp-json\/wp\/v2\/comments?post=2241"}],"version-history":[{"count":3,"href":"https:\/\/mon.uvic.cat\/nitrecerca\/wp-json\/wp\/v2\/pages\/2241\/revisions"}],"predecessor-version":[{"id":2887,"href":"https:\/\/mon.uvic.cat\/nitrecerca\/wp-json\/wp\/v2\/pages\/2241\/revisions\/2887"}],"wp:attachment":[{"href":"https:\/\/mon.uvic.cat\/nitrecerca\/wp-json\/wp\/v2\/media?parent=2241"}],"curies":[{"name":"wp","href":"https:\/\/api.w.org\/{rel}","templated":true}]}}