{"id":71,"date":"2016-03-09T17:58:34","date_gmt":"2016-03-09T17:58:34","guid":{"rendered":"http:\/\/mon.uvic.cat\/caretta-a-la-vista\/?page_id=71"},"modified":"2024-05-31T09:17:31","modified_gmt":"2024-05-31T09:17:31","slug":"equip","status":"publish","type":"page","link":"https:\/\/mon.uvic.cat\/caretta-a-la-vista\/equip\/","title":{"rendered":"Equip"},"content":{"rendered":"<div class=\"fusion-fullwidth fullwidth-box fusion-builder-row-1 fusion-flex-container nonhundred-percent-fullwidth non-hundred-percent-height-scrolling\" style=\"--awb-border-radius-top-left:0px;--awb-border-radius-top-right:0px;--awb-border-radius-bottom-right:0px;--awb-border-radius-bottom-left:0px;--awb-flex-wrap:wrap;\" ><div class=\"fusion-builder-row fusion-row fusion-flex-align-items-flex-start fusion-flex-content-wrap\" style=\"max-width:1248px;margin-left: calc(-4% \/ 2 );margin-right: calc(-4% \/ 2 );\"><div class=\"fusion-layout-column fusion_builder_column fusion-builder-column-0 fusion_builder_column_1_1 1_1 fusion-flex-column\" style=\"--awb-bg-size:cover;--awb-width-large:100%;--awb-margin-top-large:0px;--awb-spacing-right-large:1.92%;--awb-margin-bottom-large:0px;--awb-spacing-left-large:1.92%;--awb-width-medium:100%;--awb-spacing-right-medium:1.92%;--awb-spacing-left-medium:1.92%;--awb-width-small:100%;--awb-spacing-right-small:1.92%;--awb-spacing-left-small:1.92%;\"><div class=\"fusion-column-wrapper fusion-flex-justify-content-flex-start fusion-content-layout-column\"><div class=\"fusion-text fusion-text-1\"><h4>Equip coordinador<\/h4>\n<p style=\"text-align: justify;\"><strong>Elena Abella P\u00e9rez<\/strong>, experta en tortugues marines, doctora en ecologia marina i col\u00b7laboradora del Grup de Recerca Biodiversitat, Ecologia i Tecnologia Ambiental i Aliment\u00e0ria (CT BETA-UVic-UCC)<\/p>\n<p style=\"text-align: justify;\"><strong>Mireia Aguilera Rod\u00e0<\/strong>, experta en tortugues marines i doctoranda del Grup de Recerca Biodiversitat, Ecologia i Tecnologia Ambiental i Aliment\u00e0ria (CT BETA-UVic-UCC)<\/p>\n<p><strong>Llu\u00eds Benejam Vidal<\/strong>, investigador del Grupo de Investigaci\u00f3n Biodiversidad, Ecolog\u00eda, y Tecnolog\u00eda Ambiental y Alimentaria (UVic-UCC)<\/p>\n<p style=\"text-align: justify;\"><strong>Pilar L\u00f3pez Uceda<\/strong>, t\u00e8cnica de la Unitat de Divulgaci\u00f3 Cient\u00edfica de la UVic-UCC<\/p>\n<p><b>Irene Alvarez de Quevedo, <\/b>experta en tortugues marines i doctoranda del Grup de Recerca Biodiversitat, Ecologia i Tecnologia Ambiental i Aliment\u00e0ria (CT BETA-UVic-UCC)<\/p>\n<p><strong>Aida Garcia Sol\u00e0, <\/strong>experta en tortugues marines i t\u00e9cnica del projecte Caretta a la Vista del Grup de Recerca Biodiversitat, Ecologia i Tecnologia Ambiental i Aliment\u00e0ria (CT BETA-UVic-UCC)<\/p>\n<p><strong>Sergio Pons\u00e1 Salas<\/strong>, director del CT BETA (Biodiversitat, Ecologia i Tecnologia Ambiental i Aliment\u00e0ria).<\/p>\n<p><strong>Meritxell Abril Cuevas<\/strong>, bi\u00f2loga i doctora en Ecologia Fonamental i Aplicada, investigadora de l&#8217;\u00e0rea d&#8217;Ecologia Aplicada i Canvi Global del CT BETA.<\/p>\n<p><strong>Albert Palou,\u00a0<\/strong>coordinador de comunicacions del Grup de Recerca Biodiversitat, Ecologia i Tecnologia Ambiental i Aliment\u00e0ria (CT BETA-UVic-UCC)<\/p>\n<p><strong>Lorenzo Proia<\/strong>, bi\u00f2leg i doctor en Ci\u00e8ncies Experimentals i Sostenibilitat, cap d&#8217;\u00e0rea d&#8217;Ecologia Aplicada i Canvi Global del CT BETA.<\/p>\n<\/div><\/div><\/div><\/div><\/div>\n","protected":false},"excerpt":{"rendered":"","protected":false},"author":266,"featured_media":0,"parent":0,"menu_order":0,"comment_status":"closed","ping_status":"closed","template":"","meta":{"jetpack_post_was_ever_published":false,"footnotes":""},"class_list":["post-71","page","type-page","status-publish","hentry"],"jetpack_sharing_enabled":true,"jetpack_shortlink":"https:\/\/wp.me\/P7f8rx-19","_links":{"self":[{"href":"https:\/\/mon.uvic.cat\/caretta-a-la-vista\/wp-json\/wp\/v2\/pages\/71","targetHints":{"allow":["GET"]}}],"collection":[{"href":"https:\/\/mon.uvic.cat\/caretta-a-la-vista\/wp-json\/wp\/v2\/pages"}],"about":[{"href":"https:\/\/mon.uvic.cat\/caretta-a-la-vista\/wp-json\/wp\/v2\/types\/page"}],"author":[{"embeddable":true,"href":"https:\/\/mon.uvic.cat\/caretta-a-la-vista\/wp-json\/wp\/v2\/users\/266"}],"replies":[{"embeddable":true,"href":"https:\/\/mon.uvic.cat\/caretta-a-la-vista\/wp-json\/wp\/v2\/comments?post=71"}],"version-history":[{"count":18,"href":"https:\/\/mon.uvic.cat\/caretta-a-la-vista\/wp-json\/wp\/v2\/pages\/71\/revisions"}],"predecessor-version":[{"id":2373,"href":"https:\/\/mon.uvic.cat\/caretta-a-la-vista\/wp-json\/wp\/v2\/pages\/71\/revisions\/2373"}],"wp:attachment":[{"href":"https:\/\/mon.uvic.cat\/caretta-a-la-vista\/wp-json\/wp\/v2\/media?parent=71"}],"curies":[{"name":"wp","href":"https:\/\/api.w.org\/{rel}","templated":true}]}}