{"id":1197,"date":"2020-05-03T15:12:27","date_gmt":"2020-05-03T15:12:27","guid":{"rendered":"http:\/\/mon.uvic.cat\/caretta-a-la-vista\/?page_id=1197"},"modified":"2024-05-31T10:54:44","modified_gmt":"2024-05-31T10:54:44","slug":"caretta-a-la-vista","status":"publish","type":"page","link":"https:\/\/mon.uvic.cat\/caretta-a-la-vista\/caretta-a-la-vista\/","title":{"rendered":"Caretta a la Vista"},"content":{"rendered":"<div class=\"fusion-fullwidth fullwidth-box fusion-builder-row-1 fusion-flex-container nonhundred-percent-fullwidth non-hundred-percent-height-scrolling\" style=\"--awb-border-radius-top-left:0px;--awb-border-radius-top-right:0px;--awb-border-radius-bottom-right:0px;--awb-border-radius-bottom-left:0px;--awb-flex-wrap:wrap;\" ><div class=\"fusion-builder-row fusion-row fusion-flex-align-items-flex-start fusion-flex-content-wrap\" style=\"max-width:1248px;margin-left: calc(-4% \/ 2 );margin-right: calc(-4% \/ 2 );\"><div class=\"fusion-layout-column fusion_builder_column fusion-builder-column-0 fusion_builder_column_1_1 1_1 fusion-flex-column\" style=\"--awb-bg-size:cover;--awb-width-large:100%;--awb-margin-top-large:0px;--awb-spacing-right-large:1.92%;--awb-margin-bottom-large:0px;--awb-spacing-left-large:1.92%;--awb-width-medium:100%;--awb-spacing-right-medium:1.92%;--awb-spacing-left-medium:1.92%;--awb-width-small:100%;--awb-spacing-right-small:1.92%;--awb-spacing-left-small:1.92%;\"><div class=\"fusion-column-wrapper fusion-flex-justify-content-flex-start fusion-content-layout-column\"><div class=\"fusion-text fusion-text-1\"><h4><strong>Caretta a la Vista: implicaci\u00f3 de la ciutadan\u00eda en la recerca i conservaci\u00f3 de tortugues marines<\/strong><\/h4>\n<p style=\"text-align: justify;\">El projecte <strong>Caretta a la Vista: implicaci\u00f3n de la ciutadan\u00eda en la recerca i conservaci\u00f3 de tortugues marines<\/strong>, va sorgir el 2016 amb l&#8217;objectiu de proporcionar als ciutadans les eines necess\u00e0ries per detectar y recon\u00e8ixer un rastre o niu de tortuga marina a les nostres platges, i poder actuar adequadament davant un possible albirament de tortuga babaua, participant aix\u00ed en la conservaci\u00f3 de l&#8217;esp\u00e8cie. Les activitats principals del projecte son xerrades, tallers, elaboraci\u00f3 i difusi\u00f3 de materials divulgatius, creaci\u00f3 d&#8217;una exposici\u00f3 itinerant sobre la tortuga babaua, i elaboraci\u00f3 de materials divulgatius. El projecte, inicialment cofinan\u00e7at per la FECT, s&#8217;ha anat consolidant des del 2016, i ara la iniciativa Caretta a la Vista col\u00b7labora en d&#8217;altres projectes de recerca per dur a terme les activitats de divulgaci\u00f3 dels mateixos.<\/p>\n<div>\n<hr \/>\n<\/div>\n<div>Projecte coordinat per la Universitat de Vic &#8211; Universitat Central de Catalunya, amb el suport del <a href=\"http:\/\/territori.gencat.cat\/es\/inici\/\">Departament de Territori i Sostenibilitat de la Generalitat de Catalunya<\/a>, i la Asociaci\u00f3n Herpetol\u00f3gica Espa\u00f1ola (<a href=\"http:\/\/siare.herpetologica.es\/\">AHE<\/a>)<\/div>\n<p><a href=\"http:\/\/mon.uvic.cat\/caretta-a-la-vista\/files\/2020\/05\/baixa-2-e1588337155725.png\"><img decoding=\"async\" class=\" wp-image-1149 alignleft\" src=\"http:\/\/mon.uvic.cat\/caretta-a-la-vista\/files\/2020\/05\/baixa-2-e1588337155725.png\" alt=\"\" width=\"159\" height=\"69\" \/><\/a><a href=\"http:\/\/mon.uvic.cat\/caretta-a-la-vista\/files\/2018\/09\/download.png\"><img decoding=\"async\" class=\" wp-image-707 alignleft\" src=\"http:\/\/mon.uvic.cat\/caretta-a-la-vista\/files\/2018\/09\/download.png\" alt=\"\" width=\"246\" height=\"53\" srcset=\"https:\/\/mon.uvic.cat\/caretta-a-la-vista\/files\/2018\/09\/download-300x65.png 300w, https:\/\/mon.uvic.cat\/caretta-a-la-vista\/files\/2018\/09\/download.png 483w\" sizes=\"(max-width: 246px) 100vw, 246px\" \/><\/a><a href=\"http:\/\/mon.uvic.cat\/caretta-a-la-vista\/files\/2018\/09\/Logo-AHE-COLOR-5cm300ppp.jpg\"><img decoding=\"async\" class=\"wp-image-708 alignleft\" src=\"http:\/\/mon.uvic.cat\/caretta-a-la-vista\/files\/2018\/09\/Logo-AHE-COLOR-5cm300ppp.jpg\" alt=\"\" width=\"75\" height=\"75\" srcset=\"https:\/\/mon.uvic.cat\/caretta-a-la-vista\/files\/2018\/09\/Logo-AHE-COLOR-5cm300ppp-60x60.jpg 60w, https:\/\/mon.uvic.cat\/caretta-a-la-vista\/files\/2018\/09\/Logo-AHE-COLOR-5cm300ppp-150x150.jpg 150w, https:\/\/mon.uvic.cat\/caretta-a-la-vista\/files\/2018\/09\/Logo-AHE-COLOR-5cm300ppp-300x300.jpg 300w, https:\/\/mon.uvic.cat\/caretta-a-la-vista\/files\/2018\/09\/Logo-AHE-COLOR-5cm300ppp.jpg 600w\" sizes=\"(max-width: 75px) 100vw, 75px\" \/><\/a><\/p>\n<p>Cofinan\u00e7at per la Fundaci\u00f3n Espa\u00f1ola Para la Ciencia y la Tecnolog\u00eda (<a href=\"http:\/\/www.fecyt.es\/\" target=\"_blank\" rel=\"noopener noreferrer\">FECYT<\/a>), del Ministerio de Ciencia e Innovaci\u00f3n.<\/p>\n<p><a href=\"http:\/\/mon.uvic.cat\/caretta-a-la-vista\/files\/2020\/05\/ministerio-fecyt-con-banderas-01_JPG.jpg\"><img decoding=\"async\" class=\"wp-image-1200 alignleft\" src=\"http:\/\/mon.uvic.cat\/caretta-a-la-vista\/files\/2020\/05\/ministerio-fecyt-con-banderas-01_JPG-1024x207.jpg\" alt=\"\" width=\"539\" height=\"109\" srcset=\"https:\/\/mon.uvic.cat\/caretta-a-la-vista\/files\/2020\/05\/ministerio-fecyt-con-banderas-01_JPG-300x61.jpg 300w, https:\/\/mon.uvic.cat\/caretta-a-la-vista\/files\/2020\/05\/ministerio-fecyt-con-banderas-01_JPG-768x155.jpg 768w, https:\/\/mon.uvic.cat\/caretta-a-la-vista\/files\/2020\/05\/ministerio-fecyt-con-banderas-01_JPG-1024x207.jpg 1024w, https:\/\/mon.uvic.cat\/caretta-a-la-vista\/files\/2020\/05\/ministerio-fecyt-con-banderas-01_JPG.jpg 1100w\" sizes=\"(max-width: 539px) 100vw, 539px\" \/><\/a><\/p>\n<\/div><\/div><\/div><\/div><\/div>\n","protected":false},"excerpt":{"rendered":"","protected":false},"author":266,"featured_media":0,"parent":0,"menu_order":0,"comment_status":"closed","ping_status":"closed","template":"","meta":{"jetpack_post_was_ever_published":false,"footnotes":""},"class_list":["post-1197","page","type-page","status-publish","hentry"],"jetpack_sharing_enabled":true,"jetpack_shortlink":"https:\/\/wp.me\/P7f8rx-jj","_links":{"self":[{"href":"https:\/\/mon.uvic.cat\/caretta-a-la-vista\/wp-json\/wp\/v2\/pages\/1197","targetHints":{"allow":["GET"]}}],"collection":[{"href":"https:\/\/mon.uvic.cat\/caretta-a-la-vista\/wp-json\/wp\/v2\/pages"}],"about":[{"href":"https:\/\/mon.uvic.cat\/caretta-a-la-vista\/wp-json\/wp\/v2\/types\/page"}],"author":[{"embeddable":true,"href":"https:\/\/mon.uvic.cat\/caretta-a-la-vista\/wp-json\/wp\/v2\/users\/266"}],"replies":[{"embeddable":true,"href":"https:\/\/mon.uvic.cat\/caretta-a-la-vista\/wp-json\/wp\/v2\/comments?post=1197"}],"version-history":[{"count":11,"href":"https:\/\/mon.uvic.cat\/caretta-a-la-vista\/wp-json\/wp\/v2\/pages\/1197\/revisions"}],"predecessor-version":[{"id":2459,"href":"https:\/\/mon.uvic.cat\/caretta-a-la-vista\/wp-json\/wp\/v2\/pages\/1197\/revisions\/2459"}],"wp:attachment":[{"href":"https:\/\/mon.uvic.cat\/caretta-a-la-vista\/wp-json\/wp\/v2\/media?parent=1197"}],"curies":[{"name":"wp","href":"https:\/\/api.w.org\/{rel}","templated":true}]}}