{"id":1138,"date":"2020-05-03T14:32:13","date_gmt":"2020-05-03T14:32:13","guid":{"rendered":"http:\/\/mon.uvic.cat\/caretta-a-la-vista\/?page_id=1138"},"modified":"2024-05-31T10:56:52","modified_gmt":"2024-05-31T10:56:52","slug":"nidos-caretta","status":"publish","type":"page","link":"https:\/\/mon.uvic.cat\/caretta-a-la-vista\/nidos-caretta\/","title":{"rendered":"Nidos-Caretta"},"content":{"rendered":"<div class=\"fusion-fullwidth fullwidth-box fusion-builder-row-1 fusion-flex-container nonhundred-percent-fullwidth non-hundred-percent-height-scrolling\" style=\"--awb-border-radius-top-left:0px;--awb-border-radius-top-right:0px;--awb-border-radius-bottom-right:0px;--awb-border-radius-bottom-left:0px;--awb-flex-wrap:wrap;\" ><div class=\"fusion-builder-row fusion-row fusion-flex-align-items-flex-start fusion-flex-content-wrap\" style=\"max-width:1248px;margin-left: calc(-4% \/ 2 );margin-right: calc(-4% \/ 2 );\"><div class=\"fusion-layout-column fusion_builder_column fusion-builder-column-0 fusion_builder_column_1_1 1_1 fusion-flex-column\" style=\"--awb-bg-size:cover;--awb-width-large:100%;--awb-margin-top-large:0px;--awb-spacing-right-large:1.92%;--awb-margin-bottom-large:0px;--awb-spacing-left-large:1.92%;--awb-width-medium:100%;--awb-spacing-right-medium:1.92%;--awb-spacing-left-medium:1.92%;--awb-width-small:100%;--awb-spacing-right-small:1.92%;--awb-spacing-left-small:1.92%;\"><div class=\"fusion-column-wrapper fusion-flex-justify-content-flex-start fusion-content-layout-column\"><div class=\"fusion-text fusion-text-1\"><h4><strong>Gesti\u00f3 i avaluaci\u00f3 de la colonitzaci\u00f3 del litoral espanyol per a la nidificaci\u00f3 de la tortuga babaua (<i>Caretta caretta<\/i>) com a adaptaci\u00f3 al canvi clim\u00e0tic (NIDOS-Caretta)<\/strong><\/h4>\n<p style=\"text-align: justify;\">En un escenari de canvi clim\u00e0tic, el futur de la tortuga babaua pot dependre de la seva habilitat per colonitzar noves zones. Aquesta esp\u00e8cie t\u00e9 un comportament filop\u00e0tric, de manera que les femelles i la majoria de mascles tornen a les platges on van n\u00e9ixer per reproduir-se. Ara b\u00e9, algunes femelles no tornen a la zona de nidificaci\u00f3 i poden fer alguna posta ocasional en noves \u00e0rees. El fenomen de la nidificaci\u00f3 espor\u00e0dica, considerat excepcional, ha anat creixent en els \u00faltims anys a les platges de la Mediterr\u00e0nia occidental, de manera que la protecci\u00f3 d\u2019aquestes regions pot ser decisiva per a la superviv\u00e8ncia de l\u2019esp\u00e8cie en el futur.<\/p>\n<p style=\"text-align: justify;\"><span style=\"color: #333333;\">En el marc de NI<\/span>DOS-<span style=\"color: #333333;\">Care<\/span>tta,\u00a0farem\u00a0una prova pilot a Catalunya \u2014de potencial aplicaci\u00f3 en altres comunitats aut\u00f2nomes\u2014 per maximitzar\u00a0l\u2019\u00e8xit\u00a0dels casos de nidificaci\u00f3\u00a0d\u2019aquest\u00a0queloni. El treball inclou estudis cient\u00edfics per poder entendre\u00a0per qu\u00e8\u00a0han augmentat els episodis de nidificaci\u00f3 i tamb\u00e9 per millorar els protocols de gesti\u00f3 i protecci\u00f3 d\u2019aquests nius. El projecte preveu accions per incentivar la sensibilitzaci\u00f3 dels diferents sectors implicats en la gesti\u00f3 de les platges, amb un \u00e8mfasi especial en el paper de la ciutadania en la conservaci\u00f3 de\u00a0l\u2019esp\u00e8cie\u00a0a les costes de tot el pa\u00eds.<\/p>\n<p style=\"text-align: justify;\">En aquest\u00a0projecte\u00a0aplicarem\u00a0eines gen\u00f2miques per esbrinar la regi\u00f3 d\u2019origen dels exemplars reproductors i\u00a0avaluar\u00a0l\u2019exist\u00e8ncia de casos de paternitat m\u00faltiple per tal\u00a0d\u2019identificar\u00a0el nombre de mascles que han participat en la reproducci\u00f3 de cada niu. En paral\u00b7lel, tamb\u00e9\u00a0estudiarem\u00a0el registre de temperatures al llarg del temps per identificar l\u2019efecte del canvi clim\u00e0tic en l\u2019increment dels episodis de nidificaci\u00f3.<\/p>\n<p style=\"text-align: justify;\">Els resultats del projecte NIDOS-Caretta, que finalitzar\u00e0 el maig del 2021, aportaran noves eines estrat\u00e8giques que ajudaran a implementar plans de gesti\u00f3 similars en altres regions per millorar l\u2019\u00e8xit dels episodis de nidificaci\u00f3 d\u2019aquesta esp\u00e8cie a tota la Mediterr\u00e0nia occidental.<\/p>\n<hr \/>\n<p style=\"text-align: justify;\">Projecte coordinat per la Universitat de Barcelona, amb la colaboraci\u00f3 del Centre Tecnol\u00f2gic BETA de la Universitat de Vic &#8211; Universitat Central de Catalunya (UVic-UCC) i la Estaci\u00f3n Biol\u00f3gica de Do\u00f1ana (EBD-CSIC).<\/p>\n<p><a href=\"http:\/\/mon.uvic.cat\/caretta-a-la-vista\/files\/2020\/05\/baixa-1-e1588515408366.png\"><img decoding=\"async\" class=\"wp-image-1148 alignleft\" src=\"http:\/\/mon.uvic.cat\/caretta-a-la-vista\/files\/2020\/05\/baixa-1-e1588515408366.png\" alt=\"\" width=\"300\" height=\"90\" \/><\/a><\/p>\n<p><a href=\"http:\/\/mon.uvic.cat\/caretta-a-la-vista\/files\/2020\/05\/baixa-1-e1588515408366.png\">\u00a0 \u00a0 \u00a0 \u00a0<\/a><a href=\"http:\/\/mon.uvic.cat\/caretta-a-la-vista\/files\/2020\/05\/baixa-2-e1588337155725.png\">\u00a0\u00a0\u00a0\u00a0 <\/a><a href=\"http:\/\/mon.uvic.cat\/caretta-a-la-vista\/files\/2020\/05\/baixa-2-e1588337155725.png\"><img decoding=\"async\" class=\"wp-image-1149 alignleft\" src=\"http:\/\/mon.uvic.cat\/caretta-a-la-vista\/files\/2020\/05\/baixa-2-e1588337155725.png\" alt=\"\" width=\"189\" height=\"82\" \/><\/a><a href=\"http:\/\/mon.uvic.cat\/caretta-a-la-vista\/files\/2020\/05\/baixa-2-e1588337155725.png\"> \u00a0\u00a0\u00a0<\/a> \u00a0\u00a0<a href=\"http:\/\/mon.uvic.cat\/caretta-a-la-vista\/files\/2020\/05\/baixa-e1588337130118.png\"><img decoding=\"async\" class=\"wp-image-1146 alignleft\" src=\"http:\/\/mon.uvic.cat\/caretta-a-la-vista\/files\/2020\/05\/baixa-e1588337130118.png\" alt=\"\" width=\"133\" height=\"102\" \/><\/a><\/p>\n<p style=\"text-align: justify;\"><em>Cofinan\u00e7at per la Fundaci\u00f3n Biodiversidad, del Ministerio para la Transici\u00f3n Ecol\u00f3gica y el Reto Demogr\u00e1fico.<\/em><\/p>\n<p><a href=\"http:\/\/mon.uvic.cat\/caretta-a-la-vista\/files\/2020\/05\/gDV5l3mA-e1588337069905.jpeg\"><img decoding=\"async\" class=\"wp-image-1147 alignleft\" src=\"http:\/\/mon.uvic.cat\/caretta-a-la-vista\/files\/2020\/05\/gDV5l3mA-1024x172.jpeg\" alt=\"\" width=\"542\" height=\"91\" \/><\/a><\/p>\n<\/div><\/div><\/div><\/div><\/div>\n","protected":false},"excerpt":{"rendered":"","protected":false},"author":266,"featured_media":0,"parent":0,"menu_order":0,"comment_status":"closed","ping_status":"closed","template":"","meta":{"jetpack_post_was_ever_published":false,"footnotes":""},"class_list":["post-1138","page","type-page","status-publish","hentry"],"jetpack_sharing_enabled":true,"jetpack_shortlink":"https:\/\/wp.me\/P7f8rx-im","_links":{"self":[{"href":"https:\/\/mon.uvic.cat\/caretta-a-la-vista\/wp-json\/wp\/v2\/pages\/1138","targetHints":{"allow":["GET"]}}],"collection":[{"href":"https:\/\/mon.uvic.cat\/caretta-a-la-vista\/wp-json\/wp\/v2\/pages"}],"about":[{"href":"https:\/\/mon.uvic.cat\/caretta-a-la-vista\/wp-json\/wp\/v2\/types\/page"}],"author":[{"embeddable":true,"href":"https:\/\/mon.uvic.cat\/caretta-a-la-vista\/wp-json\/wp\/v2\/users\/266"}],"replies":[{"embeddable":true,"href":"https:\/\/mon.uvic.cat\/caretta-a-la-vista\/wp-json\/wp\/v2\/comments?post=1138"}],"version-history":[{"count":39,"href":"https:\/\/mon.uvic.cat\/caretta-a-la-vista\/wp-json\/wp\/v2\/pages\/1138\/revisions"}],"predecessor-version":[{"id":2462,"href":"https:\/\/mon.uvic.cat\/caretta-a-la-vista\/wp-json\/wp\/v2\/pages\/1138\/revisions\/2462"}],"wp:attachment":[{"href":"https:\/\/mon.uvic.cat\/caretta-a-la-vista\/wp-json\/wp\/v2\/media?parent=1138"}],"curies":[{"name":"wp","href":"https:\/\/api.w.org\/{rel}","templated":true}]}}